{"version":"1.0","provider_name":"SeCyT&#039;22","provider_url":"https:\/\/fseneca.es\/secyt22","author_name":"Universidad de Murcia","author_url":"https:\/\/fseneca.es\/secyt22\/author\/umu\/","title":"Sabios y sabias de Murcia - SeCyT&#039;22","type":"rich","width":600,"height":338,"html":"<blockquote class=\"wp-embedded-content\" data-secret=\"TaOtIgYgSD\"><a href=\"https:\/\/fseneca.es\/secyt22\/actividad\/sabios-y-sabias-de-murcia\/\">Sabios y sabias de Murcia<\/a><\/blockquote><iframe sandbox=\"allow-scripts\" security=\"restricted\" src=\"https:\/\/fseneca.es\/secyt22\/actividad\/sabios-y-sabias-de-murcia\/embed\/#?secret=TaOtIgYgSD\" width=\"600\" height=\"338\" title=\"\u00abSabios y sabias de Murcia\u00bb \u2014 SeCyT&#039;22\" data-secret=\"TaOtIgYgSD\" frameborder=\"0\" marginwidth=\"0\" marginheight=\"0\" scrolling=\"no\" class=\"wp-embedded-content\"><\/iframe><script type=\"text\/javascript\">\n\/*! This file is auto-generated *\/\n!function(c,l){\"use strict\";var e=!1,o=!1;if(l.querySelector)if(c.addEventListener)e=!0;if(c.wp=c.wp||{},c.wp.receiveEmbedMessage);else if(c.wp.receiveEmbedMessage=function(e){var t=e.data;if(!t);else if(!(t.secret||t.message||t.value));else if(\/[^a-zA-Z0-9]\/.test(t.secret));else{for(var r,s,a,i=l.querySelectorAll('iframe[data-secret=\"'+t.secret+'\"]'),n=l.querySelectorAll('blockquote[data-secret=\"'+t.secret+'\"]'),o=0;o<n.length;o++)n[o].style.display=\"none\";for(o=0;o<i.length;o++)if(r=i[o],e.source!==r.contentWindow);else{if(r.removeAttribute(\"style\"),\"height\"===t.message){if(1e3<(s=parseInt(t.value,10)))s=1e3;else if(~~s<200)s=200;r.height=s}if(\"link\"===t.message)if(s=l.createElement(\"a\"),a=l.createElement(\"a\"),s.href=r.getAttribute(\"src\"),a.href=t.value,a.host===s.host)if(l.activeElement===r)c.top.location.href=t.value}}},e)c.addEventListener(\"message\",c.wp.receiveEmbedMessage,!1),l.addEventListener(\"DOMContentLoaded\",t,!1),c.addEventListener(\"load\",t,!1);function t(){if(o);else{o=!0;for(var e,t,r,s=-1!==navigator.appVersion.indexOf(\"MSIE 10\"),a=!!navigator.userAgent.match(\/Trident.*rv:11\\.\/),i=l.querySelectorAll(\"iframe.wp-embedded-content\"),n=0;n<i.length;n++){if(!(r=(t=i[n]).getAttribute(\"data-secret\")))r=Math.random().toString(36).substr(2,10),t.src+=\"#?secret=\"+r,t.setAttribute(\"data-secret\",r);if(s||a)(e=t.cloneNode(!0)).removeAttribute(\"security\"),t.parentNode.replaceChild(e,t);t.contentWindow.postMessage({message:\"ready\",secret:r},\"*\")}}}}(window,document);\n<\/script>\n","description":"El objetivo principal de esta actividad es dar a conocer hombres y mujeres sabios y sabias de la Regi\u00f3n de Murcia de la \u00e9poca araboisl\u00e1mica, centr\u00e1ndonos en la cultura del conocimiento desde todas las ramas del saber de nuestro legado com\u00fan dentro de la idea de culturas de continuidad y el \u00e1rabe como lengua vehicular. [&hellip;]"}

El objetivo principal de esta actividad es dar a conocer hombres y mujeres sabios y sabias de la Región de Murcia de la época araboislámica, centrándonos en la cultura del conocimiento desde todas las ramas del saber de nuestro legado común dentro de la idea de culturas de continuidad y el árabe como lengua vehicular. [&hellip;]
