{"id":11822,"date":"2022-07-27T11:36:10","date_gmt":"2022-07-27T11:36:10","guid":{"rendered":"https:\/\/fseneca.es\/secyt22\/?post_type=actividad&#038;p=11822"},"modified":"2022-07-27T11:36:10","modified_gmt":"2022-07-27T11:36:10","slug":"eres-creativo-dinamicas-para-fomentar-el-dominio-verbal-de-la-creatividad","status":"publish","type":"actividad","link":"https:\/\/fseneca.es\/secyt22\/actividad\/eres-creativo-dinamicas-para-fomentar-el-dominio-verbal-de-la-creatividad\/","title":{"rendered":"\u00bfEres creativo? Din\u00e1micas para fomentar el dominio verbal de la creatividad"},"content":{"rendered":"<p>La actividad est\u00e1 enmarcada en el proyecto de I+D+i \u201cCreatividad verbal como dominio: dise\u00f1o, validaci\u00f3n y aplicaci\u00f3n de una prueba fundamentada en la comprensi\u00f3n de textos\u201d (PID2020-113731GB-I00), concedido por el Ministerio de Ciencia e Innovaci\u00f3n.<\/p>\n","protected":false},"author":86,"featured_media":0,"template":"","acf":[],"yoast_head":"<!-- This site is optimized with the Yoast SEO plugin v19.7.1 - https:\/\/yoast.com\/wordpress\/plugins\/seo\/ -->\n<title>\u00bfEres creativo? Din\u00e1micas para fomentar el dominio verbal de la creatividad - SeCyT&#039;22<\/title>\n<meta name=\"robots\" content=\"index, follow, max-snippet:-1, max-image-preview:large, max-video-preview:-1\" \/>\n<link rel=\"canonical\" href=\"https:\/\/fseneca.es\/secyt22\/actividad\/eres-creativo-dinamicas-para-fomentar-el-dominio-verbal-de-la-creatividad\/\" \/>\n<meta property=\"og:locale\" content=\"es_ES\" \/>\n<meta property=\"og:type\" content=\"article\" \/>\n<meta property=\"og:title\" content=\"\u00bfEres creativo? Din\u00e1micas para fomentar el dominio verbal de la creatividad - SeCyT&#039;22\" \/>\n<meta property=\"og:description\" content=\"La actividad est\u00e1 enmarcada en el proyecto de I+D+i \u201cCreatividad verbal como dominio: dise\u00f1o, validaci\u00f3n y aplicaci\u00f3n de una prueba fundamentada en la comprensi\u00f3n de textos\u201d (PID2020-113731GB-I00), concedido por el Ministerio de Ciencia e Innovaci\u00f3n.\" \/>\n<meta property=\"og:url\" content=\"https:\/\/fseneca.es\/secyt22\/actividad\/eres-creativo-dinamicas-para-fomentar-el-dominio-verbal-de-la-creatividad\/\" \/>\n<meta property=\"og:site_name\" content=\"SeCyT&#039;22\" \/>\n<meta name=\"twitter:card\" content=\"summary_large_image\" \/>\n<script type=\"application\/ld+json\" class=\"yoast-schema-graph\">{\"@context\":\"https:\/\/schema.org\",\"@graph\":[{\"@type\":\"WebPage\",\"@id\":\"https:\/\/fseneca.es\/secyt22\/actividad\/eres-creativo-dinamicas-para-fomentar-el-dominio-verbal-de-la-creatividad\/\",\"url\":\"https:\/\/fseneca.es\/secyt22\/actividad\/eres-creativo-dinamicas-para-fomentar-el-dominio-verbal-de-la-creatividad\/\",\"name\":\"\u00bfEres creativo? Din\u00e1micas para fomentar el dominio verbal de la creatividad - SeCyT&#039;22\",\"isPartOf\":{\"@id\":\"https:\/\/fseneca.es\/secyt22\/#website\"},\"datePublished\":\"2022-07-27T11:36:10+00:00\",\"dateModified\":\"2022-07-27T11:36:10+00:00\",\"breadcrumb\":{\"@id\":\"https:\/\/fseneca.es\/secyt22\/actividad\/eres-creativo-dinamicas-para-fomentar-el-dominio-verbal-de-la-creatividad\/#breadcrumb\"},\"inLanguage\":\"es\",\"potentialAction\":[{\"@type\":\"ReadAction\",\"target\":[\"https:\/\/fseneca.es\/secyt22\/actividad\/eres-creativo-dinamicas-para-fomentar-el-dominio-verbal-de-la-creatividad\/\"]}]},{\"@type\":\"BreadcrumbList\",\"@id\":\"https:\/\/fseneca.es\/secyt22\/actividad\/eres-creativo-dinamicas-para-fomentar-el-dominio-verbal-de-la-creatividad\/#breadcrumb\",\"itemListElement\":[{\"@type\":\"ListItem\",\"position\":1,\"name\":\"Portada\",\"item\":\"https:\/\/fseneca.es\/secyt22\/\"},{\"@type\":\"ListItem\",\"position\":2,\"name\":\"\u00bfEres creativo? Din\u00e1micas para fomentar el dominio verbal de la creatividad\"}]},{\"@type\":\"WebSite\",\"@id\":\"https:\/\/fseneca.es\/secyt22\/#website\",\"url\":\"https:\/\/fseneca.es\/secyt22\/\",\"name\":\"SeCyT&#039;22\",\"description\":\"Semana de la Ciencia y la Tecnolog\u00eda 2022\",\"potentialAction\":[{\"@type\":\"SearchAction\",\"target\":{\"@type\":\"EntryPoint\",\"urlTemplate\":\"https:\/\/fseneca.es\/secyt22\/?s={search_term_string}\"},\"query-input\":\"required name=search_term_string\"}],\"inLanguage\":\"es\"}]}<\/script>\n<!-- \/ Yoast SEO plugin. -->","yoast_head_json":{"title":"\u00bfEres creativo? Din\u00e1micas para fomentar el dominio verbal de la creatividad - SeCyT&#039;22","robots":{"index":"index","follow":"follow","max-snippet":"max-snippet:-1","max-image-preview":"max-image-preview:large","max-video-preview":"max-video-preview:-1"},"canonical":"https:\/\/fseneca.es\/secyt22\/actividad\/eres-creativo-dinamicas-para-fomentar-el-dominio-verbal-de-la-creatividad\/","og_locale":"es_ES","og_type":"article","og_title":"\u00bfEres creativo? Din\u00e1micas para fomentar el dominio verbal de la creatividad - SeCyT&#039;22","og_description":"La actividad est\u00e1 enmarcada en el proyecto de I+D+i \u201cCreatividad verbal como dominio: dise\u00f1o, validaci\u00f3n y aplicaci\u00f3n de una prueba fundamentada en la comprensi\u00f3n de textos\u201d (PID2020-113731GB-I00), concedido por el Ministerio de Ciencia e Innovaci\u00f3n.","og_url":"https:\/\/fseneca.es\/secyt22\/actividad\/eres-creativo-dinamicas-para-fomentar-el-dominio-verbal-de-la-creatividad\/","og_site_name":"SeCyT&#039;22","twitter_card":"summary_large_image","schema":{"@context":"https:\/\/schema.org","@graph":[{"@type":"WebPage","@id":"https:\/\/fseneca.es\/secyt22\/actividad\/eres-creativo-dinamicas-para-fomentar-el-dominio-verbal-de-la-creatividad\/","url":"https:\/\/fseneca.es\/secyt22\/actividad\/eres-creativo-dinamicas-para-fomentar-el-dominio-verbal-de-la-creatividad\/","name":"\u00bfEres creativo? Din\u00e1micas para fomentar el dominio verbal de la creatividad - SeCyT&#039;22","isPartOf":{"@id":"https:\/\/fseneca.es\/secyt22\/#website"},"datePublished":"2022-07-27T11:36:10+00:00","dateModified":"2022-07-27T11:36:10+00:00","breadcrumb":{"@id":"https:\/\/fseneca.es\/secyt22\/actividad\/eres-creativo-dinamicas-para-fomentar-el-dominio-verbal-de-la-creatividad\/#breadcrumb"},"inLanguage":"es","potentialAction":[{"@type":"ReadAction","target":["https:\/\/fseneca.es\/secyt22\/actividad\/eres-creativo-dinamicas-para-fomentar-el-dominio-verbal-de-la-creatividad\/"]}]},{"@type":"BreadcrumbList","@id":"https:\/\/fseneca.es\/secyt22\/actividad\/eres-creativo-dinamicas-para-fomentar-el-dominio-verbal-de-la-creatividad\/#breadcrumb","itemListElement":[{"@type":"ListItem","position":1,"name":"Portada","item":"https:\/\/fseneca.es\/secyt22\/"},{"@type":"ListItem","position":2,"name":"\u00bfEres creativo? Din\u00e1micas para fomentar el dominio verbal de la creatividad"}]},{"@type":"WebSite","@id":"https:\/\/fseneca.es\/secyt22\/#website","url":"https:\/\/fseneca.es\/secyt22\/","name":"SeCyT&#039;22","description":"Semana de la Ciencia y la Tecnolog\u00eda 2022","potentialAction":[{"@type":"SearchAction","target":{"@type":"EntryPoint","urlTemplate":"https:\/\/fseneca.es\/secyt22\/?s={search_term_string}"},"query-input":"required name=search_term_string"}],"inLanguage":"es"}]}},"_links":{"self":[{"href":"https:\/\/fseneca.es\/secyt22\/wp-json\/wp\/v2\/actividad\/11822"}],"collection":[{"href":"https:\/\/fseneca.es\/secyt22\/wp-json\/wp\/v2\/actividad"}],"about":[{"href":"https:\/\/fseneca.es\/secyt22\/wp-json\/wp\/v2\/types\/actividad"}],"author":[{"embeddable":true,"href":"https:\/\/fseneca.es\/secyt22\/wp-json\/wp\/v2\/users\/86"}],"wp:attachment":[{"href":"https:\/\/fseneca.es\/secyt22\/wp-json\/wp\/v2\/media?parent=11822"}],"curies":[{"name":"wp","href":"https:\/\/api.w.org\/{rel}","templated":true}]}}

¿Eres creativo? Dinámicas para fomentar el dominio verbal de la creatividad

<p>La actividad está enmarcada en el proyecto de I+D+i “Creatividad verbal como dominio: diseño, validación y aplicación de una prueba fundamentada en la comprensión de textos” (PID2020-113731GB-I00), concedido por el Ministerio de Ciencia e Innovación.</p>

<!-- This site is optimized with the Yoast SEO plugin v19.7.1 - https://yoast.com/wordpress/plugins/seo/ -->
<title>¿Eres creativo? Dinámicas para fomentar el dominio verbal de la creatividad - SeCyT&#039;22</title>
<meta name="robots" content="index, follow, max-snippet:-1, max-image-preview:large, max-video-preview:-1" />
<link rel="canonical" href="https://fseneca.es/secyt22/actividad/eres-creativo-dinamicas-para-fomentar-el-dominio-verbal-de-la-creatividad/" />
<meta property="og:locale" content="es_ES" />
<meta property="og:type" content="article" />
<meta property="og:title" content="¿Eres creativo? Dinámicas para fomentar el dominio verbal de la creatividad - SeCyT&#039;22" />
<meta property="og:description" content="La actividad está enmarcada en el proyecto de I+D+i “Creatividad verbal como dominio: diseño, validación y aplicación de una prueba fundamentada en la comprensión de textos” (PID2020-113731GB-I00), concedido por el Ministerio de Ciencia e Innovación." />
<meta property="og:url" content="https://fseneca.es/secyt22/actividad/eres-creativo-dinamicas-para-fomentar-el-dominio-verbal-de-la-creatividad/" />
<meta property="og:site_name" content="SeCyT&#039;22" />
<meta name="twitter:card" content="summary_large_image" />
<script type="application/ld+json" class="yoast-schema-graph">{"@context":"https://schema.org","@graph":[{"@type":"WebPage","@id":"https://fseneca.es/secyt22/actividad/eres-creativo-dinamicas-para-fomentar-el-dominio-verbal-de-la-creatividad/","url":"https://fseneca.es/secyt22/actividad/eres-creativo-dinamicas-para-fomentar-el-dominio-verbal-de-la-creatividad/","name":"¿Eres creativo? Dinámicas para fomentar el dominio verbal de la creatividad - SeCyT&#039;22","isPartOf":{"@id":"https://fseneca.es/secyt22/#website"},"datePublished":"2022-07-27T11:36:10+00:00","dateModified":"2022-07-27T11:36:10+00:00","breadcrumb":{"@id":"https://fseneca.es/secyt22/actividad/eres-creativo-dinamicas-para-fomentar-el-dominio-verbal-de-la-creatividad/#breadcrumb"},"inLanguage":"es","potentialAction":[{"@type":"ReadAction","target":["https://fseneca.es/secyt22/actividad/eres-creativo-dinamicas-para-fomentar-el-dominio-verbal-de-la-creatividad/"]}]},{"@type":"BreadcrumbList","@id":"https://fseneca.es/secyt22/actividad/eres-creativo-dinamicas-para-fomentar-el-dominio-verbal-de-la-creatividad/#breadcrumb","itemListElement":[{"@type":"ListItem","position":1,"name":"Portada","item":"https://fseneca.es/secyt22/"},{"@type":"ListItem","position":2,"name":"¿Eres creativo? Dinámicas para fomentar el dominio verbal de la creatividad"}]},{"@type":"WebSite","@id":"https://fseneca.es/secyt22/#website","url":"https://fseneca.es/secyt22/","name":"SeCyT&#039;22","description":"Semana de la Ciencia y la Tecnología 2022","potentialAction":[{"@type":"SearchAction","target":{"@type":"EntryPoint","urlTemplate":"https://fseneca.es/secyt22/?s={search_term_string}"},"query-input":"required name=search_term_string"}],"inLanguage":"es"}]}</script>
<!-- / Yoast SEO plugin. -->

¿Eres creativo? Dinámicas para fomentar el dominio verbal de la creatividad - SeCyT&#039;22

La actividad está enmarcada en el proyecto de I+D+i “Creatividad verbal como dominio: diseño, validación y aplicación de una prueba fundamentada en la comprensión de textos” (PID2020-113731GB-I00), concedido por el Ministerio de Ciencia e Innovación.

Semana de la Ciencia y la Tecnología 2022
