{"id":11841,"date":"2022-07-26T07:12:16","date_gmt":"2022-07-26T07:12:16","guid":{"rendered":"https:\/\/fseneca.es\/secyt22\/?post_type=actividad&#038;p=11841"},"modified":"2022-07-26T07:12:16","modified_gmt":"2022-07-26T07:12:16","slug":"el-asombroso-mundo-de-los-microorganismos-los-organismos-invisibles-que-dominan-el-planeta","status":"publish","type":"actividad","link":"https:\/\/fseneca.es\/secyt22\/actividad\/el-asombroso-mundo-de-los-microorganismos-los-organismos-invisibles-que-dominan-el-planeta\/","title":{"rendered":"El asombroso mundo de los microorganismos: los organismos invisibles que dominan el planeta"},"content":{"rendered":"<p>Actividad desarrollada por los grupos de transferencia del conocimiento \u00abMicrofunciota: Microbiolog\u00eda Funcional y Taxon\u00f3mica\u00bb y de investigaci\u00f3n \u00abFisiolog\u00eda Microbiana\u00bb (Departamento de Gen\u00e9tica y Microbiolog\u00eda, \u00e1rea de Microbiolog\u00eda, UMU).<\/p>\n<p><strong>Personas colaboradoras en el stand<\/strong>:<\/p>\n<p>Teresa Soto Pino (responsable)<\/p>\n<p>Francisco Prieto Ru\u00edz<\/p>\n<p>Mar\u00eda Isabel Madrid Mateo<\/p>\n<p>Andr\u00e9s N\u00fa\u00f1ez Hern\u00e1ndez<\/p>\n<p>Armando Jes\u00fas P\u00e9rez D\u00edaz<\/p>\n<p><strong>Material necesario:<\/strong><\/p>\n<p>1 mesa y 2 sillas<\/p>\n<p>Enchufe luz para conexi\u00f3n de microscopios<\/p>\n<p>Gel hidro-alcoh\u00f3lico y toallitas<\/p>\n<p>Impresiones gr\u00e1ficas y medios de cultivo<\/p>\n","protected":false},"author":86,"featured_media":0,"template":"","acf":[],"yoast_head":"<!-- This site is optimized with the Yoast SEO plugin v19.7.1 - https:\/\/yoast.com\/wordpress\/plugins\/seo\/ -->\n<title>El asombroso mundo de los microorganismos: los organismos invisibles que dominan el planeta - SeCyT&#039;22<\/title>\n<meta name=\"robots\" content=\"index, follow, max-snippet:-1, max-image-preview:large, max-video-preview:-1\" \/>\n<link rel=\"canonical\" href=\"https:\/\/fseneca.es\/secyt22\/actividad\/el-asombroso-mundo-de-los-microorganismos-los-organismos-invisibles-que-dominan-el-planeta\/\" \/>\n<meta property=\"og:locale\" content=\"es_ES\" \/>\n<meta property=\"og:type\" content=\"article\" \/>\n<meta property=\"og:title\" content=\"El asombroso mundo de los microorganismos: los organismos invisibles que dominan el planeta - SeCyT&#039;22\" \/>\n<meta property=\"og:description\" content=\"Actividad desarrollada por los grupos de transferencia del conocimiento \u00abMicrofunciota: Microbiolog\u00eda Funcional y Taxon\u00f3mica\u00bb y de investigaci\u00f3n \u00abFisiolog\u00eda Microbiana\u00bb (Departamento de Gen\u00e9tica y Microbiolog\u00eda, \u00e1rea de Microbiolog\u00eda, UMU). Personas colaboradoras en el stand: Teresa Soto Pino (responsable) Francisco Prieto Ru\u00edz Mar\u00eda Isabel Madrid Mateo Andr\u00e9s N\u00fa\u00f1ez Hern\u00e1ndez Armando Jes\u00fas P\u00e9rez D\u00edaz Material necesario: 1 mesa [&hellip;]\" \/>\n<meta property=\"og:url\" content=\"https:\/\/fseneca.es\/secyt22\/actividad\/el-asombroso-mundo-de-los-microorganismos-los-organismos-invisibles-que-dominan-el-planeta\/\" \/>\n<meta property=\"og:site_name\" content=\"SeCyT&#039;22\" \/>\n<meta name=\"twitter:card\" content=\"summary_large_image\" \/>\n<script type=\"application\/ld+json\" class=\"yoast-schema-graph\">{\"@context\":\"https:\/\/schema.org\",\"@graph\":[{\"@type\":\"WebPage\",\"@id\":\"https:\/\/fseneca.es\/secyt22\/actividad\/el-asombroso-mundo-de-los-microorganismos-los-organismos-invisibles-que-dominan-el-planeta\/\",\"url\":\"https:\/\/fseneca.es\/secyt22\/actividad\/el-asombroso-mundo-de-los-microorganismos-los-organismos-invisibles-que-dominan-el-planeta\/\",\"name\":\"El asombroso mundo de los microorganismos: los organismos invisibles que dominan el planeta - SeCyT&#039;22\",\"isPartOf\":{\"@id\":\"https:\/\/fseneca.es\/secyt22\/#website\"},\"datePublished\":\"2022-07-26T07:12:16+00:00\",\"dateModified\":\"2022-07-26T07:12:16+00:00\",\"breadcrumb\":{\"@id\":\"https:\/\/fseneca.es\/secyt22\/actividad\/el-asombroso-mundo-de-los-microorganismos-los-organismos-invisibles-que-dominan-el-planeta\/#breadcrumb\"},\"inLanguage\":\"es\",\"potentialAction\":[{\"@type\":\"ReadAction\",\"target\":[\"https:\/\/fseneca.es\/secyt22\/actividad\/el-asombroso-mundo-de-los-microorganismos-los-organismos-invisibles-que-dominan-el-planeta\/\"]}]},{\"@type\":\"BreadcrumbList\",\"@id\":\"https:\/\/fseneca.es\/secyt22\/actividad\/el-asombroso-mundo-de-los-microorganismos-los-organismos-invisibles-que-dominan-el-planeta\/#breadcrumb\",\"itemListElement\":[{\"@type\":\"ListItem\",\"position\":1,\"name\":\"Portada\",\"item\":\"https:\/\/fseneca.es\/secyt22\/\"},{\"@type\":\"ListItem\",\"position\":2,\"name\":\"El asombroso mundo de los microorganismos: los organismos invisibles que dominan el planeta\"}]},{\"@type\":\"WebSite\",\"@id\":\"https:\/\/fseneca.es\/secyt22\/#website\",\"url\":\"https:\/\/fseneca.es\/secyt22\/\",\"name\":\"SeCyT&#039;22\",\"description\":\"Semana de la Ciencia y la Tecnolog\u00eda 2022\",\"potentialAction\":[{\"@type\":\"SearchAction\",\"target\":{\"@type\":\"EntryPoint\",\"urlTemplate\":\"https:\/\/fseneca.es\/secyt22\/?s={search_term_string}\"},\"query-input\":\"required name=search_term_string\"}],\"inLanguage\":\"es\"}]}<\/script>\n<!-- \/ Yoast SEO plugin. -->","yoast_head_json":{"title":"El asombroso mundo de los microorganismos: los organismos invisibles que dominan el planeta - SeCyT&#039;22","robots":{"index":"index","follow":"follow","max-snippet":"max-snippet:-1","max-image-preview":"max-image-preview:large","max-video-preview":"max-video-preview:-1"},"canonical":"https:\/\/fseneca.es\/secyt22\/actividad\/el-asombroso-mundo-de-los-microorganismos-los-organismos-invisibles-que-dominan-el-planeta\/","og_locale":"es_ES","og_type":"article","og_title":"El asombroso mundo de los microorganismos: los organismos invisibles que dominan el planeta - SeCyT&#039;22","og_description":"Actividad desarrollada por los grupos de transferencia del conocimiento \u00abMicrofunciota: Microbiolog\u00eda Funcional y Taxon\u00f3mica\u00bb y de investigaci\u00f3n \u00abFisiolog\u00eda Microbiana\u00bb (Departamento de Gen\u00e9tica y Microbiolog\u00eda, \u00e1rea de Microbiolog\u00eda, UMU). Personas colaboradoras en el stand: Teresa Soto Pino (responsable) Francisco Prieto Ru\u00edz Mar\u00eda Isabel Madrid Mateo Andr\u00e9s N\u00fa\u00f1ez Hern\u00e1ndez Armando Jes\u00fas P\u00e9rez D\u00edaz Material necesario: 1 mesa [&hellip;]","og_url":"https:\/\/fseneca.es\/secyt22\/actividad\/el-asombroso-mundo-de-los-microorganismos-los-organismos-invisibles-que-dominan-el-planeta\/","og_site_name":"SeCyT&#039;22","twitter_card":"summary_large_image","schema":{"@context":"https:\/\/schema.org","@graph":[{"@type":"WebPage","@id":"https:\/\/fseneca.es\/secyt22\/actividad\/el-asombroso-mundo-de-los-microorganismos-los-organismos-invisibles-que-dominan-el-planeta\/","url":"https:\/\/fseneca.es\/secyt22\/actividad\/el-asombroso-mundo-de-los-microorganismos-los-organismos-invisibles-que-dominan-el-planeta\/","name":"El asombroso mundo de los microorganismos: los organismos invisibles que dominan el planeta - SeCyT&#039;22","isPartOf":{"@id":"https:\/\/fseneca.es\/secyt22\/#website"},"datePublished":"2022-07-26T07:12:16+00:00","dateModified":"2022-07-26T07:12:16+00:00","breadcrumb":{"@id":"https:\/\/fseneca.es\/secyt22\/actividad\/el-asombroso-mundo-de-los-microorganismos-los-organismos-invisibles-que-dominan-el-planeta\/#breadcrumb"},"inLanguage":"es","potentialAction":[{"@type":"ReadAction","target":["https:\/\/fseneca.es\/secyt22\/actividad\/el-asombroso-mundo-de-los-microorganismos-los-organismos-invisibles-que-dominan-el-planeta\/"]}]},{"@type":"BreadcrumbList","@id":"https:\/\/fseneca.es\/secyt22\/actividad\/el-asombroso-mundo-de-los-microorganismos-los-organismos-invisibles-que-dominan-el-planeta\/#breadcrumb","itemListElement":[{"@type":"ListItem","position":1,"name":"Portada","item":"https:\/\/fseneca.es\/secyt22\/"},{"@type":"ListItem","position":2,"name":"El asombroso mundo de los microorganismos: los organismos invisibles que dominan el planeta"}]},{"@type":"WebSite","@id":"https:\/\/fseneca.es\/secyt22\/#website","url":"https:\/\/fseneca.es\/secyt22\/","name":"SeCyT&#039;22","description":"Semana de la Ciencia y la Tecnolog\u00eda 2022","potentialAction":[{"@type":"SearchAction","target":{"@type":"EntryPoint","urlTemplate":"https:\/\/fseneca.es\/secyt22\/?s={search_term_string}"},"query-input":"required name=search_term_string"}],"inLanguage":"es"}]}},"_links":{"self":[{"href":"https:\/\/fseneca.es\/secyt22\/wp-json\/wp\/v2\/actividad\/11841"}],"collection":[{"href":"https:\/\/fseneca.es\/secyt22\/wp-json\/wp\/v2\/actividad"}],"about":[{"href":"https:\/\/fseneca.es\/secyt22\/wp-json\/wp\/v2\/types\/actividad"}],"author":[{"embeddable":true,"href":"https:\/\/fseneca.es\/secyt22\/wp-json\/wp\/v2\/users\/86"}],"wp:attachment":[{"href":"https:\/\/fseneca.es\/secyt22\/wp-json\/wp\/v2\/media?parent=11841"}],"curies":[{"name":"wp","href":"https:\/\/api.w.org\/{rel}","templated":true}]}}

<p>Actividad desarrollada por los grupos de transferencia del conocimiento «Microfunciota: Microbiología Funcional y Taxonómica» y de investigación «Fisiología Microbiana» (Departamento de Genética y Microbiología, área de Microbiología, UMU).</p>
<p><strong>Personas colaboradoras en el stand</strong>:</p>
<p>Teresa Soto Pino (responsable)</p>
<p>Francisco Prieto Ruíz</p>
<p>María Isabel Madrid Mateo</p>
<p>Andrés Núñez Hernández</p>
<p>Armando Jesús Pérez Díaz</p>
<p><strong>Material necesario:</strong></p>
<p>1 mesa y 2 sillas</p>
<p>Enchufe luz para conexión de microscopios</p>
<p>Gel hidro-alcohólico y toallitas</p>
<p>Impresiones gráficas y medios de cultivo</p>

<!-- This site is optimized with the Yoast SEO plugin v19.7.1 - https://yoast.com/wordpress/plugins/seo/ -->
<title>El asombroso mundo de los microorganismos: los organismos invisibles que dominan el planeta - SeCyT&#039;22</title>
<meta name="robots" content="index, follow, max-snippet:-1, max-image-preview:large, max-video-preview:-1" />
<link rel="canonical" href="https://fseneca.es/secyt22/actividad/el-asombroso-mundo-de-los-microorganismos-los-organismos-invisibles-que-dominan-el-planeta/" />
<meta property="og:locale" content="es_ES" />
<meta property="og:type" content="article" />
<meta property="og:title" content="El asombroso mundo de los microorganismos: los organismos invisibles que dominan el planeta - SeCyT&#039;22" />
<meta property="og:description" content="Actividad desarrollada por los grupos de transferencia del conocimiento «Microfunciota: Microbiología Funcional y Taxonómica» y de investigación «Fisiología Microbiana» (Departamento de Genética y Microbiología, área de Microbiología, UMU). Personas colaboradoras en el stand: Teresa Soto Pino (responsable) Francisco Prieto Ruíz María Isabel Madrid Mateo Andrés Núñez Hernández Armando Jesús Pérez Díaz Material necesario: 1 mesa [&hellip;]" />
<meta property="og:url" content="https://fseneca.es/secyt22/actividad/el-asombroso-mundo-de-los-microorganismos-los-organismos-invisibles-que-dominan-el-planeta/" />
<meta property="og:site_name" content="SeCyT&#039;22" />
<meta name="twitter:card" content="summary_large_image" />
<script type="application/ld+json" class="yoast-schema-graph">{"@context":"https://schema.org","@graph":[{"@type":"WebPage","@id":"https://fseneca.es/secyt22/actividad/el-asombroso-mundo-de-los-microorganismos-los-organismos-invisibles-que-dominan-el-planeta/","url":"https://fseneca.es/secyt22/actividad/el-asombroso-mundo-de-los-microorganismos-los-organismos-invisibles-que-dominan-el-planeta/","name":"El asombroso mundo de los microorganismos: los organismos invisibles que dominan el planeta - SeCyT&#039;22","isPartOf":{"@id":"https://fseneca.es/secyt22/#website"},"datePublished":"2022-07-26T07:12:16+00:00","dateModified":"2022-07-26T07:12:16+00:00","breadcrumb":{"@id":"https://fseneca.es/secyt22/actividad/el-asombroso-mundo-de-los-microorganismos-los-organismos-invisibles-que-dominan-el-planeta/#breadcrumb"},"inLanguage":"es","potentialAction":[{"@type":"ReadAction","target":["https://fseneca.es/secyt22/actividad/el-asombroso-mundo-de-los-microorganismos-los-organismos-invisibles-que-dominan-el-planeta/"]}]},{"@type":"BreadcrumbList","@id":"https://fseneca.es/secyt22/actividad/el-asombroso-mundo-de-los-microorganismos-los-organismos-invisibles-que-dominan-el-planeta/#breadcrumb","itemListElement":[{"@type":"ListItem","position":1,"name":"Portada","item":"https://fseneca.es/secyt22/"},{"@type":"ListItem","position":2,"name":"El asombroso mundo de los microorganismos: los organismos invisibles que dominan el planeta"}]},{"@type":"WebSite","@id":"https://fseneca.es/secyt22/#website","url":"https://fseneca.es/secyt22/","name":"SeCyT&#039;22","description":"Semana de la Ciencia y la Tecnología 2022","potentialAction":[{"@type":"SearchAction","target":{"@type":"EntryPoint","urlTemplate":"https://fseneca.es/secyt22/?s={search_term_string}"},"query-input":"required name=search_term_string"}],"inLanguage":"es"}]}</script>
<!-- / Yoast SEO plugin. -->

Actividad desarrollada por los grupos de transferencia del conocimiento «Microfunciota: Microbiología Funcional y Taxonómica» y de investigación «Fisiología Microbiana» (Departamento de Genética y Microbiología, área de Microbiología, UMU). Personas colaboradoras en el stand: Teresa Soto Pino (responsable) Francisco Prieto Ruíz María Isabel Madrid Mateo Andrés Núñez Hernández Armando Jesús Pérez Díaz Material necesario: 1 mesa [&hellip;]

Semana de la Ciencia y la Tecnología 2022
