{"id":11860,"date":"2022-07-27T07:34:44","date_gmt":"2022-07-27T07:34:44","guid":{"rendered":"https:\/\/fseneca.es\/secyt22\/?post_type=actividad&#038;p=11860"},"modified":"2022-07-27T07:34:44","modified_gmt":"2022-07-27T07:34:44","slug":"taller-creativo-de-diseno-de-joyas-mediante-moleculas-quimicas","status":"publish","type":"actividad","link":"https:\/\/fseneca.es\/secyt22\/actividad\/taller-creativo-de-diseno-de-joyas-mediante-moleculas-quimicas\/","title":{"rendered":"Taller creativo de dise\u00f1o de joyas mediante mol\u00e9culas qu\u00edmicas"},"content":{"rendered":"<p>Se pretende realizar un Taller de dise\u00f1o y elaboraci\u00f3n de una maqueta utilizando mol\u00e9culas y \u00e1tomos, que sirvan de dise\u00f1o de joyas<\/p>\n","protected":false},"author":86,"featured_media":0,"template":"","acf":[],"yoast_head":"<!-- This site is optimized with the Yoast SEO plugin v19.7.1 - https:\/\/yoast.com\/wordpress\/plugins\/seo\/ -->\n<title>Taller creativo de dise\u00f1o de joyas mediante mol\u00e9culas qu\u00edmicas - SeCyT&#039;22<\/title>\n<meta name=\"robots\" content=\"index, follow, max-snippet:-1, max-image-preview:large, max-video-preview:-1\" \/>\n<link rel=\"canonical\" href=\"https:\/\/fseneca.es\/secyt22\/actividad\/taller-creativo-de-diseno-de-joyas-mediante-moleculas-quimicas\/\" \/>\n<meta property=\"og:locale\" content=\"es_ES\" \/>\n<meta property=\"og:type\" content=\"article\" \/>\n<meta property=\"og:title\" content=\"Taller creativo de dise\u00f1o de joyas mediante mol\u00e9culas qu\u00edmicas - SeCyT&#039;22\" \/>\n<meta property=\"og:description\" content=\"Se pretende realizar un Taller de dise\u00f1o y elaboraci\u00f3n de una maqueta utilizando mol\u00e9culas y \u00e1tomos, que sirvan de dise\u00f1o de joyas\" \/>\n<meta property=\"og:url\" content=\"https:\/\/fseneca.es\/secyt22\/actividad\/taller-creativo-de-diseno-de-joyas-mediante-moleculas-quimicas\/\" \/>\n<meta property=\"og:site_name\" content=\"SeCyT&#039;22\" \/>\n<meta name=\"twitter:card\" content=\"summary_large_image\" \/>\n<script type=\"application\/ld+json\" class=\"yoast-schema-graph\">{\"@context\":\"https:\/\/schema.org\",\"@graph\":[{\"@type\":\"WebPage\",\"@id\":\"https:\/\/fseneca.es\/secyt22\/actividad\/taller-creativo-de-diseno-de-joyas-mediante-moleculas-quimicas\/\",\"url\":\"https:\/\/fseneca.es\/secyt22\/actividad\/taller-creativo-de-diseno-de-joyas-mediante-moleculas-quimicas\/\",\"name\":\"Taller creativo de dise\u00f1o de joyas mediante mol\u00e9culas qu\u00edmicas - SeCyT&#039;22\",\"isPartOf\":{\"@id\":\"https:\/\/fseneca.es\/secyt22\/#website\"},\"datePublished\":\"2022-07-27T07:34:44+00:00\",\"dateModified\":\"2022-07-27T07:34:44+00:00\",\"breadcrumb\":{\"@id\":\"https:\/\/fseneca.es\/secyt22\/actividad\/taller-creativo-de-diseno-de-joyas-mediante-moleculas-quimicas\/#breadcrumb\"},\"inLanguage\":\"es\",\"potentialAction\":[{\"@type\":\"ReadAction\",\"target\":[\"https:\/\/fseneca.es\/secyt22\/actividad\/taller-creativo-de-diseno-de-joyas-mediante-moleculas-quimicas\/\"]}]},{\"@type\":\"BreadcrumbList\",\"@id\":\"https:\/\/fseneca.es\/secyt22\/actividad\/taller-creativo-de-diseno-de-joyas-mediante-moleculas-quimicas\/#breadcrumb\",\"itemListElement\":[{\"@type\":\"ListItem\",\"position\":1,\"name\":\"Portada\",\"item\":\"https:\/\/fseneca.es\/secyt22\/\"},{\"@type\":\"ListItem\",\"position\":2,\"name\":\"Taller creativo de dise\u00f1o de joyas mediante mol\u00e9culas qu\u00edmicas\"}]},{\"@type\":\"WebSite\",\"@id\":\"https:\/\/fseneca.es\/secyt22\/#website\",\"url\":\"https:\/\/fseneca.es\/secyt22\/\",\"name\":\"SeCyT&#039;22\",\"description\":\"Semana de la Ciencia y la Tecnolog\u00eda 2022\",\"potentialAction\":[{\"@type\":\"SearchAction\",\"target\":{\"@type\":\"EntryPoint\",\"urlTemplate\":\"https:\/\/fseneca.es\/secyt22\/?s={search_term_string}\"},\"query-input\":\"required name=search_term_string\"}],\"inLanguage\":\"es\"}]}<\/script>\n<!-- \/ Yoast SEO plugin. -->","yoast_head_json":{"title":"Taller creativo de dise\u00f1o de joyas mediante mol\u00e9culas qu\u00edmicas - SeCyT&#039;22","robots":{"index":"index","follow":"follow","max-snippet":"max-snippet:-1","max-image-preview":"max-image-preview:large","max-video-preview":"max-video-preview:-1"},"canonical":"https:\/\/fseneca.es\/secyt22\/actividad\/taller-creativo-de-diseno-de-joyas-mediante-moleculas-quimicas\/","og_locale":"es_ES","og_type":"article","og_title":"Taller creativo de dise\u00f1o de joyas mediante mol\u00e9culas qu\u00edmicas - SeCyT&#039;22","og_description":"Se pretende realizar un Taller de dise\u00f1o y elaboraci\u00f3n de una maqueta utilizando mol\u00e9culas y \u00e1tomos, que sirvan de dise\u00f1o de joyas","og_url":"https:\/\/fseneca.es\/secyt22\/actividad\/taller-creativo-de-diseno-de-joyas-mediante-moleculas-quimicas\/","og_site_name":"SeCyT&#039;22","twitter_card":"summary_large_image","schema":{"@context":"https:\/\/schema.org","@graph":[{"@type":"WebPage","@id":"https:\/\/fseneca.es\/secyt22\/actividad\/taller-creativo-de-diseno-de-joyas-mediante-moleculas-quimicas\/","url":"https:\/\/fseneca.es\/secyt22\/actividad\/taller-creativo-de-diseno-de-joyas-mediante-moleculas-quimicas\/","name":"Taller creativo de dise\u00f1o de joyas mediante mol\u00e9culas qu\u00edmicas - SeCyT&#039;22","isPartOf":{"@id":"https:\/\/fseneca.es\/secyt22\/#website"},"datePublished":"2022-07-27T07:34:44+00:00","dateModified":"2022-07-27T07:34:44+00:00","breadcrumb":{"@id":"https:\/\/fseneca.es\/secyt22\/actividad\/taller-creativo-de-diseno-de-joyas-mediante-moleculas-quimicas\/#breadcrumb"},"inLanguage":"es","potentialAction":[{"@type":"ReadAction","target":["https:\/\/fseneca.es\/secyt22\/actividad\/taller-creativo-de-diseno-de-joyas-mediante-moleculas-quimicas\/"]}]},{"@type":"BreadcrumbList","@id":"https:\/\/fseneca.es\/secyt22\/actividad\/taller-creativo-de-diseno-de-joyas-mediante-moleculas-quimicas\/#breadcrumb","itemListElement":[{"@type":"ListItem","position":1,"name":"Portada","item":"https:\/\/fseneca.es\/secyt22\/"},{"@type":"ListItem","position":2,"name":"Taller creativo de dise\u00f1o de joyas mediante mol\u00e9culas qu\u00edmicas"}]},{"@type":"WebSite","@id":"https:\/\/fseneca.es\/secyt22\/#website","url":"https:\/\/fseneca.es\/secyt22\/","name":"SeCyT&#039;22","description":"Semana de la Ciencia y la Tecnolog\u00eda 2022","potentialAction":[{"@type":"SearchAction","target":{"@type":"EntryPoint","urlTemplate":"https:\/\/fseneca.es\/secyt22\/?s={search_term_string}"},"query-input":"required name=search_term_string"}],"inLanguage":"es"}]}},"_links":{"self":[{"href":"https:\/\/fseneca.es\/secyt22\/wp-json\/wp\/v2\/actividad\/11860"}],"collection":[{"href":"https:\/\/fseneca.es\/secyt22\/wp-json\/wp\/v2\/actividad"}],"about":[{"href":"https:\/\/fseneca.es\/secyt22\/wp-json\/wp\/v2\/types\/actividad"}],"author":[{"embeddable":true,"href":"https:\/\/fseneca.es\/secyt22\/wp-json\/wp\/v2\/users\/86"}],"wp:attachment":[{"href":"https:\/\/fseneca.es\/secyt22\/wp-json\/wp\/v2\/media?parent=11860"}],"curies":[{"name":"wp","href":"https:\/\/api.w.org\/{rel}","templated":true}]}}

Taller creativo de diseño de joyas mediante moléculas químicas

<p>Se pretende realizar un Taller de diseño y elaboración de una maqueta utilizando moléculas y átomos, que sirvan de diseño de joyas</p>

<!-- This site is optimized with the Yoast SEO plugin v19.7.1 - https://yoast.com/wordpress/plugins/seo/ -->
<title>Taller creativo de diseño de joyas mediante moléculas químicas - SeCyT&#039;22</title>
<meta name="robots" content="index, follow, max-snippet:-1, max-image-preview:large, max-video-preview:-1" />
<link rel="canonical" href="https://fseneca.es/secyt22/actividad/taller-creativo-de-diseno-de-joyas-mediante-moleculas-quimicas/" />
<meta property="og:locale" content="es_ES" />
<meta property="og:type" content="article" />
<meta property="og:title" content="Taller creativo de diseño de joyas mediante moléculas químicas - SeCyT&#039;22" />
<meta property="og:description" content="Se pretende realizar un Taller de diseño y elaboración de una maqueta utilizando moléculas y átomos, que sirvan de diseño de joyas" />
<meta property="og:url" content="https://fseneca.es/secyt22/actividad/taller-creativo-de-diseno-de-joyas-mediante-moleculas-quimicas/" />
<meta property="og:site_name" content="SeCyT&#039;22" />
<meta name="twitter:card" content="summary_large_image" />
<script type="application/ld+json" class="yoast-schema-graph">{"@context":"https://schema.org","@graph":[{"@type":"WebPage","@id":"https://fseneca.es/secyt22/actividad/taller-creativo-de-diseno-de-joyas-mediante-moleculas-quimicas/","url":"https://fseneca.es/secyt22/actividad/taller-creativo-de-diseno-de-joyas-mediante-moleculas-quimicas/","name":"Taller creativo de diseño de joyas mediante moléculas químicas - SeCyT&#039;22","isPartOf":{"@id":"https://fseneca.es/secyt22/#website"},"datePublished":"2022-07-27T07:34:44+00:00","dateModified":"2022-07-27T07:34:44+00:00","breadcrumb":{"@id":"https://fseneca.es/secyt22/actividad/taller-creativo-de-diseno-de-joyas-mediante-moleculas-quimicas/#breadcrumb"},"inLanguage":"es","potentialAction":[{"@type":"ReadAction","target":["https://fseneca.es/secyt22/actividad/taller-creativo-de-diseno-de-joyas-mediante-moleculas-quimicas/"]}]},{"@type":"BreadcrumbList","@id":"https://fseneca.es/secyt22/actividad/taller-creativo-de-diseno-de-joyas-mediante-moleculas-quimicas/#breadcrumb","itemListElement":[{"@type":"ListItem","position":1,"name":"Portada","item":"https://fseneca.es/secyt22/"},{"@type":"ListItem","position":2,"name":"Taller creativo de diseño de joyas mediante moléculas químicas"}]},{"@type":"WebSite","@id":"https://fseneca.es/secyt22/#website","url":"https://fseneca.es/secyt22/","name":"SeCyT&#039;22","description":"Semana de la Ciencia y la Tecnología 2022","potentialAction":[{"@type":"SearchAction","target":{"@type":"EntryPoint","urlTemplate":"https://fseneca.es/secyt22/?s={search_term_string}"},"query-input":"required name=search_term_string"}],"inLanguage":"es"}]}</script>
<!-- / Yoast SEO plugin. -->

Taller creativo de diseño de joyas mediante moléculas químicas - SeCyT&#039;22

Se pretende realizar un Taller de diseño y elaboración de una maqueta utilizando moléculas y átomos, que sirvan de diseño de joyas

Semana de la Ciencia y la Tecnología 2022
