{"id":12426,"date":"2022-10-03T07:06:24","date_gmt":"2022-10-03T07:06:24","guid":{"rendered":"https:\/\/fseneca.es\/secyt22\/?post_type=actividad&#038;p=12426"},"modified":"2022-10-03T07:06:25","modified_gmt":"2022-10-03T07:06:25","slug":"casa-en-llamas","status":"publish","type":"actividad","link":"https:\/\/fseneca.es\/secyt22\/actividad\/casa-en-llamas\/","title":{"rendered":"Casa en llamas"},"content":{"rendered":"","protected":false},"author":67,"featured_media":0,"template":"","acf":[],"yoast_head":"<!-- This site is optimized with the Yoast SEO plugin v19.7.1 - https:\/\/yoast.com\/wordpress\/plugins\/seo\/ -->\n<title>Casa en llamas - SeCyT&#039;22<\/title>\n<meta name=\"description\" content=\"Objetivo: reproducir la generaci\u00f3n de un incendio en una vivienda a escala para mostrar al p\u00fablico asistente los mecanismos de extinci\u00f3n.\" \/>\n<meta name=\"robots\" content=\"index, follow, max-snippet:-1, max-image-preview:large, max-video-preview:-1\" \/>\n<link rel=\"canonical\" href=\"https:\/\/fseneca.es\/secyt22\/actividad\/casa-en-llamas\/\" \/>\n<meta property=\"og:locale\" content=\"es_ES\" \/>\n<meta property=\"og:type\" content=\"article\" \/>\n<meta property=\"og:title\" content=\"Casa en llamas - SeCyT&#039;22\" \/>\n<meta property=\"og:description\" content=\"Objetivo: reproducir la generaci\u00f3n de un incendio en una vivienda a escala para mostrar al p\u00fablico asistente los mecanismos de extinci\u00f3n.\" \/>\n<meta property=\"og:url\" content=\"https:\/\/fseneca.es\/secyt22\/actividad\/casa-en-llamas\/\" \/>\n<meta property=\"og:site_name\" content=\"SeCyT&#039;22\" \/>\n<meta property=\"article:modified_time\" content=\"2022-10-03T07:06:25+00:00\" \/>\n<meta name=\"twitter:card\" content=\"summary_large_image\" \/>\n<script type=\"application\/ld+json\" class=\"yoast-schema-graph\">{\"@context\":\"https:\/\/schema.org\",\"@graph\":[{\"@type\":\"WebPage\",\"@id\":\"https:\/\/fseneca.es\/secyt22\/actividad\/casa-en-llamas\/\",\"url\":\"https:\/\/fseneca.es\/secyt22\/actividad\/casa-en-llamas\/\",\"name\":\"Casa en llamas - SeCyT&#039;22\",\"isPartOf\":{\"@id\":\"https:\/\/fseneca.es\/secyt22\/#website\"},\"datePublished\":\"2022-10-03T07:06:24+00:00\",\"dateModified\":\"2022-10-03T07:06:25+00:00\",\"description\":\"Objetivo: reproducir la generaci\u00f3n de un incendio en una vivienda a escala para mostrar al p\u00fablico asistente los mecanismos de extinci\u00f3n.\",\"breadcrumb\":{\"@id\":\"https:\/\/fseneca.es\/secyt22\/actividad\/casa-en-llamas\/#breadcrumb\"},\"inLanguage\":\"es\",\"potentialAction\":[{\"@type\":\"ReadAction\",\"target\":[\"https:\/\/fseneca.es\/secyt22\/actividad\/casa-en-llamas\/\"]}]},{\"@type\":\"BreadcrumbList\",\"@id\":\"https:\/\/fseneca.es\/secyt22\/actividad\/casa-en-llamas\/#breadcrumb\",\"itemListElement\":[{\"@type\":\"ListItem\",\"position\":1,\"name\":\"Portada\",\"item\":\"https:\/\/fseneca.es\/secyt22\/\"},{\"@type\":\"ListItem\",\"position\":2,\"name\":\"Casa en llamas\"}]},{\"@type\":\"WebSite\",\"@id\":\"https:\/\/fseneca.es\/secyt22\/#website\",\"url\":\"https:\/\/fseneca.es\/secyt22\/\",\"name\":\"SeCyT&#039;22\",\"description\":\"Semana de la Ciencia y la Tecnolog\u00eda 2022\",\"potentialAction\":[{\"@type\":\"SearchAction\",\"target\":{\"@type\":\"EntryPoint\",\"urlTemplate\":\"https:\/\/fseneca.es\/secyt22\/?s={search_term_string}\"},\"query-input\":\"required name=search_term_string\"}],\"inLanguage\":\"es\"}]}<\/script>\n<!-- \/ Yoast SEO plugin. -->","yoast_head_json":{"title":"Casa en llamas - SeCyT&#039;22","description":"Objetivo: reproducir la generaci\u00f3n de un incendio en una vivienda a escala para mostrar al p\u00fablico asistente los mecanismos de extinci\u00f3n.","robots":{"index":"index","follow":"follow","max-snippet":"max-snippet:-1","max-image-preview":"max-image-preview:large","max-video-preview":"max-video-preview:-1"},"canonical":"https:\/\/fseneca.es\/secyt22\/actividad\/casa-en-llamas\/","og_locale":"es_ES","og_type":"article","og_title":"Casa en llamas - SeCyT&#039;22","og_description":"Objetivo: reproducir la generaci\u00f3n de un incendio en una vivienda a escala para mostrar al p\u00fablico asistente los mecanismos de extinci\u00f3n.","og_url":"https:\/\/fseneca.es\/secyt22\/actividad\/casa-en-llamas\/","og_site_name":"SeCyT&#039;22","article_modified_time":"2022-10-03T07:06:25+00:00","twitter_card":"summary_large_image","schema":{"@context":"https:\/\/schema.org","@graph":[{"@type":"WebPage","@id":"https:\/\/fseneca.es\/secyt22\/actividad\/casa-en-llamas\/","url":"https:\/\/fseneca.es\/secyt22\/actividad\/casa-en-llamas\/","name":"Casa en llamas - SeCyT&#039;22","isPartOf":{"@id":"https:\/\/fseneca.es\/secyt22\/#website"},"datePublished":"2022-10-03T07:06:24+00:00","dateModified":"2022-10-03T07:06:25+00:00","description":"Objetivo: reproducir la generaci\u00f3n de un incendio en una vivienda a escala para mostrar al p\u00fablico asistente los mecanismos de extinci\u00f3n.","breadcrumb":{"@id":"https:\/\/fseneca.es\/secyt22\/actividad\/casa-en-llamas\/#breadcrumb"},"inLanguage":"es","potentialAction":[{"@type":"ReadAction","target":["https:\/\/fseneca.es\/secyt22\/actividad\/casa-en-llamas\/"]}]},{"@type":"BreadcrumbList","@id":"https:\/\/fseneca.es\/secyt22\/actividad\/casa-en-llamas\/#breadcrumb","itemListElement":[{"@type":"ListItem","position":1,"name":"Portada","item":"https:\/\/fseneca.es\/secyt22\/"},{"@type":"ListItem","position":2,"name":"Casa en llamas"}]},{"@type":"WebSite","@id":"https:\/\/fseneca.es\/secyt22\/#website","url":"https:\/\/fseneca.es\/secyt22\/","name":"SeCyT&#039;22","description":"Semana de la Ciencia y la Tecnolog\u00eda 2022","potentialAction":[{"@type":"SearchAction","target":{"@type":"EntryPoint","urlTemplate":"https:\/\/fseneca.es\/secyt22\/?s={search_term_string}"},"query-input":"required name=search_term_string"}],"inLanguage":"es"}]}},"_links":{"self":[{"href":"https:\/\/fseneca.es\/secyt22\/wp-json\/wp\/v2\/actividad\/12426"}],"collection":[{"href":"https:\/\/fseneca.es\/secyt22\/wp-json\/wp\/v2\/actividad"}],"about":[{"href":"https:\/\/fseneca.es\/secyt22\/wp-json\/wp\/v2\/types\/actividad"}],"author":[{"embeddable":true,"href":"https:\/\/fseneca.es\/secyt22\/wp-json\/wp\/v2\/users\/67"}],"wp:attachment":[{"href":"https:\/\/fseneca.es\/secyt22\/wp-json\/wp\/v2\/media?parent=12426"}],"curies":[{"name":"wp","href":"https:\/\/api.w.org\/{rel}","templated":true}]}}

<!-- This site is optimized with the Yoast SEO plugin v19.7.1 - https://yoast.com/wordpress/plugins/seo/ -->
<title>Casa en llamas - SeCyT&#039;22</title>
<meta name="description" content="Objetivo: reproducir la generación de un incendio en una vivienda a escala para mostrar al público asistente los mecanismos de extinción." />
<meta name="robots" content="index, follow, max-snippet:-1, max-image-preview:large, max-video-preview:-1" />
<link rel="canonical" href="https://fseneca.es/secyt22/actividad/casa-en-llamas/" />
<meta property="og:locale" content="es_ES" />
<meta property="og:type" content="article" />
<meta property="og:title" content="Casa en llamas - SeCyT&#039;22" />
<meta property="og:description" content="Objetivo: reproducir la generación de un incendio en una vivienda a escala para mostrar al público asistente los mecanismos de extinción." />
<meta property="og:url" content="https://fseneca.es/secyt22/actividad/casa-en-llamas/" />
<meta property="og:site_name" content="SeCyT&#039;22" />
<meta property="article:modified_time" content="2022-10-03T07:06:25+00:00" />
<meta name="twitter:card" content="summary_large_image" />
<script type="application/ld+json" class="yoast-schema-graph">{"@context":"https://schema.org","@graph":[{"@type":"WebPage","@id":"https://fseneca.es/secyt22/actividad/casa-en-llamas/","url":"https://fseneca.es/secyt22/actividad/casa-en-llamas/","name":"Casa en llamas - SeCyT&#039;22","isPartOf":{"@id":"https://fseneca.es/secyt22/#website"},"datePublished":"2022-10-03T07:06:24+00:00","dateModified":"2022-10-03T07:06:25+00:00","description":"Objetivo: reproducir la generación de un incendio en una vivienda a escala para mostrar al público asistente los mecanismos de extinción.","breadcrumb":{"@id":"https://fseneca.es/secyt22/actividad/casa-en-llamas/#breadcrumb"},"inLanguage":"es","potentialAction":[{"@type":"ReadAction","target":["https://fseneca.es/secyt22/actividad/casa-en-llamas/"]}]},{"@type":"BreadcrumbList","@id":"https://fseneca.es/secyt22/actividad/casa-en-llamas/#breadcrumb","itemListElement":[{"@type":"ListItem","position":1,"name":"Portada","item":"https://fseneca.es/secyt22/"},{"@type":"ListItem","position":2,"name":"Casa en llamas"}]},{"@type":"WebSite","@id":"https://fseneca.es/secyt22/#website","url":"https://fseneca.es/secyt22/","name":"SeCyT&#039;22","description":"Semana de la Ciencia y la Tecnología 2022","potentialAction":[{"@type":"SearchAction","target":{"@type":"EntryPoint","urlTemplate":"https://fseneca.es/secyt22/?s={search_term_string}"},"query-input":"required name=search_term_string"}],"inLanguage":"es"}]}</script>
<!-- / Yoast SEO plugin. -->

Objetivo: reproducir la generación de un incendio en una vivienda a escala para mostrar al público asistente los mecanismos de extinción.

Semana de la Ciencia y la Tecnología 2022
