{"id":12745,"date":"2022-10-05T12:31:07","date_gmt":"2022-10-05T12:31:07","guid":{"rendered":"https:\/\/fseneca.es\/secyt22\/?post_type=actividad&#038;p=12745"},"modified":"2022-10-05T12:31:08","modified_gmt":"2022-10-05T12:31:08","slug":"entomologia","status":"publish","type":"actividad","link":"https:\/\/fseneca.es\/secyt22\/actividad\/entomologia\/","title":{"rendered":"Entomolog\u00eda"},"content":{"rendered":"\n<p>SECCI\u00d3N DE ENTOMOLOG\u00cdA<\/p>\n","protected":false},"author":178,"featured_media":12747,"template":"","acf":[],"yoast_head":"<!-- This site is optimized with the Yoast SEO plugin v19.7.1 - https:\/\/yoast.com\/wordpress\/plugins\/seo\/ -->\n<title>Entomolog\u00eda - SeCyT&#039;22<\/title>\n<meta name=\"description\" content=\"\u00bfQu\u00e9 es la Entomolog\u00eda, y por qu\u00e9 es tan importante? Trataremos temas como la polinizaci\u00f3n, \u00f3rdenes de insectos y singularidades de Murcia.\" \/>\n<meta name=\"robots\" content=\"index, follow, max-snippet:-1, max-image-preview:large, max-video-preview:-1\" \/>\n<link rel=\"canonical\" href=\"https:\/\/fseneca.es\/secyt22\/actividad\/entomologia\/\" \/>\n<meta property=\"og:locale\" content=\"es_ES\" \/>\n<meta property=\"og:type\" content=\"article\" \/>\n<meta property=\"og:title\" content=\"Entomolog\u00eda - SeCyT&#039;22\" \/>\n<meta property=\"og:description\" content=\"\u00bfQu\u00e9 es la Entomolog\u00eda, y por qu\u00e9 es tan importante? Trataremos temas como la polinizaci\u00f3n, \u00f3rdenes de insectos y singularidades de Murcia.\" \/>\n<meta property=\"og:url\" content=\"https:\/\/fseneca.es\/secyt22\/actividad\/entomologia\/\" \/>\n<meta property=\"og:site_name\" content=\"SeCyT&#039;22\" \/>\n<meta property=\"article:modified_time\" content=\"2022-10-05T12:31:08+00:00\" \/>\n<meta property=\"og:image\" content=\"http:\/\/fseneca.es\/secyt22\/wp-content\/uploads\/2022\/10\/WhatsApp-Image-2022-10-04-at-17.18.17-1.jpeg\" \/>\n\t<meta property=\"og:image:width\" content=\"1600\" \/>\n\t<meta property=\"og:image:height\" content=\"901\" \/>\n\t<meta property=\"og:image:type\" content=\"image\/jpeg\" \/>\n<meta name=\"twitter:card\" content=\"summary_large_image\" \/>\n<script type=\"application\/ld+json\" class=\"yoast-schema-graph\">{\"@context\":\"https:\/\/schema.org\",\"@graph\":[{\"@type\":\"WebPage\",\"@id\":\"https:\/\/fseneca.es\/secyt22\/actividad\/entomologia\/\",\"url\":\"https:\/\/fseneca.es\/secyt22\/actividad\/entomologia\/\",\"name\":\"Entomolog\u00eda - SeCyT&#039;22\",\"isPartOf\":{\"@id\":\"https:\/\/fseneca.es\/secyt22\/#website\"},\"datePublished\":\"2022-10-05T12:31:07+00:00\",\"dateModified\":\"2022-10-05T12:31:08+00:00\",\"description\":\"\u00bfQu\u00e9 es la Entomolog\u00eda, y por qu\u00e9 es tan importante? Trataremos temas como la polinizaci\u00f3n, \u00f3rdenes de insectos y singularidades de Murcia.\",\"breadcrumb\":{\"@id\":\"https:\/\/fseneca.es\/secyt22\/actividad\/entomologia\/#breadcrumb\"},\"inLanguage\":\"es\",\"potentialAction\":[{\"@type\":\"ReadAction\",\"target\":[\"https:\/\/fseneca.es\/secyt22\/actividad\/entomologia\/\"]}]},{\"@type\":\"BreadcrumbList\",\"@id\":\"https:\/\/fseneca.es\/secyt22\/actividad\/entomologia\/#breadcrumb\",\"itemListElement\":[{\"@type\":\"ListItem\",\"position\":1,\"name\":\"Portada\",\"item\":\"https:\/\/fseneca.es\/secyt22\/\"},{\"@type\":\"ListItem\",\"position\":2,\"name\":\"Entomolog\u00eda\"}]},{\"@type\":\"WebSite\",\"@id\":\"https:\/\/fseneca.es\/secyt22\/#website\",\"url\":\"https:\/\/fseneca.es\/secyt22\/\",\"name\":\"SeCyT&#039;22\",\"description\":\"Semana de la Ciencia y la Tecnolog\u00eda 2022\",\"potentialAction\":[{\"@type\":\"SearchAction\",\"target\":{\"@type\":\"EntryPoint\",\"urlTemplate\":\"https:\/\/fseneca.es\/secyt22\/?s={search_term_string}\"},\"query-input\":\"required name=search_term_string\"}],\"inLanguage\":\"es\"}]}<\/script>\n<!-- \/ Yoast SEO plugin. -->","yoast_head_json":{"title":"Entomolog\u00eda - SeCyT&#039;22","description":"\u00bfQu\u00e9 es la Entomolog\u00eda, y por qu\u00e9 es tan importante? Trataremos temas como la polinizaci\u00f3n, \u00f3rdenes de insectos y singularidades de Murcia.","robots":{"index":"index","follow":"follow","max-snippet":"max-snippet:-1","max-image-preview":"max-image-preview:large","max-video-preview":"max-video-preview:-1"},"canonical":"https:\/\/fseneca.es\/secyt22\/actividad\/entomologia\/","og_locale":"es_ES","og_type":"article","og_title":"Entomolog\u00eda - SeCyT&#039;22","og_description":"\u00bfQu\u00e9 es la Entomolog\u00eda, y por qu\u00e9 es tan importante? Trataremos temas como la polinizaci\u00f3n, \u00f3rdenes de insectos y singularidades de Murcia.","og_url":"https:\/\/fseneca.es\/secyt22\/actividad\/entomologia\/","og_site_name":"SeCyT&#039;22","article_modified_time":"2022-10-05T12:31:08+00:00","og_image":[{"width":1600,"height":901,"url":"http:\/\/fseneca.es\/secyt22\/wp-content\/uploads\/2022\/10\/WhatsApp-Image-2022-10-04-at-17.18.17-1.jpeg","type":"image\/jpeg"}],"twitter_card":"summary_large_image","schema":{"@context":"https:\/\/schema.org","@graph":[{"@type":"WebPage","@id":"https:\/\/fseneca.es\/secyt22\/actividad\/entomologia\/","url":"https:\/\/fseneca.es\/secyt22\/actividad\/entomologia\/","name":"Entomolog\u00eda - SeCyT&#039;22","isPartOf":{"@id":"https:\/\/fseneca.es\/secyt22\/#website"},"datePublished":"2022-10-05T12:31:07+00:00","dateModified":"2022-10-05T12:31:08+00:00","description":"\u00bfQu\u00e9 es la Entomolog\u00eda, y por qu\u00e9 es tan importante? Trataremos temas como la polinizaci\u00f3n, \u00f3rdenes de insectos y singularidades de Murcia.","breadcrumb":{"@id":"https:\/\/fseneca.es\/secyt22\/actividad\/entomologia\/#breadcrumb"},"inLanguage":"es","potentialAction":[{"@type":"ReadAction","target":["https:\/\/fseneca.es\/secyt22\/actividad\/entomologia\/"]}]},{"@type":"BreadcrumbList","@id":"https:\/\/fseneca.es\/secyt22\/actividad\/entomologia\/#breadcrumb","itemListElement":[{"@type":"ListItem","position":1,"name":"Portada","item":"https:\/\/fseneca.es\/secyt22\/"},{"@type":"ListItem","position":2,"name":"Entomolog\u00eda"}]},{"@type":"WebSite","@id":"https:\/\/fseneca.es\/secyt22\/#website","url":"https:\/\/fseneca.es\/secyt22\/","name":"SeCyT&#039;22","description":"Semana de la Ciencia y la Tecnolog\u00eda 2022","potentialAction":[{"@type":"SearchAction","target":{"@type":"EntryPoint","urlTemplate":"https:\/\/fseneca.es\/secyt22\/?s={search_term_string}"},"query-input":"required name=search_term_string"}],"inLanguage":"es"}]}},"_links":{"self":[{"href":"https:\/\/fseneca.es\/secyt22\/wp-json\/wp\/v2\/actividad\/12745"}],"collection":[{"href":"https:\/\/fseneca.es\/secyt22\/wp-json\/wp\/v2\/actividad"}],"about":[{"href":"https:\/\/fseneca.es\/secyt22\/wp-json\/wp\/v2\/types\/actividad"}],"author":[{"embeddable":true,"href":"https:\/\/fseneca.es\/secyt22\/wp-json\/wp\/v2\/users\/178"}],"wp:featuredmedia":[{"embeddable":true,"href":"https:\/\/fseneca.es\/secyt22\/wp-json\/wp\/v2\/media\/12747"}],"wp:attachment":[{"href":"https:\/\/fseneca.es\/secyt22\/wp-json\/wp\/v2\/media?parent=12745"}],"curies":[{"name":"wp","href":"https:\/\/api.w.org\/{rel}","templated":true}]}}

Entomología

<p>SECCIÓN DE ENTOMOLOGÍA</p>

<!-- This site is optimized with the Yoast SEO plugin v19.7.1 - https://yoast.com/wordpress/plugins/seo/ -->
<title>Entomología - SeCyT&#039;22</title>
<meta name="description" content="¿Qué es la Entomología, y por qué es tan importante? Trataremos temas como la polinización, órdenes de insectos y singularidades de Murcia." />
<meta name="robots" content="index, follow, max-snippet:-1, max-image-preview:large, max-video-preview:-1" />
<link rel="canonical" href="https://fseneca.es/secyt22/actividad/entomologia/" />
<meta property="og:locale" content="es_ES" />
<meta property="og:type" content="article" />
<meta property="og:title" content="Entomología - SeCyT&#039;22" />
<meta property="og:description" content="¿Qué es la Entomología, y por qué es tan importante? Trataremos temas como la polinización, órdenes de insectos y singularidades de Murcia." />
<meta property="og:url" content="https://fseneca.es/secyt22/actividad/entomologia/" />
<meta property="og:site_name" content="SeCyT&#039;22" />
<meta property="article:modified_time" content="2022-10-05T12:31:08+00:00" />
<meta property="og:image" content="http://fseneca.es/secyt22/wp-content/uploads/2022/10/WhatsApp-Image-2022-10-04-at-17.18.17-1.jpeg" />
	<meta property="og:image:width" content="1600" />
	<meta property="og:image:height" content="901" />
	<meta property="og:image:type" content="image/jpeg" />
<meta name="twitter:card" content="summary_large_image" />
<script type="application/ld+json" class="yoast-schema-graph">{"@context":"https://schema.org","@graph":[{"@type":"WebPage","@id":"https://fseneca.es/secyt22/actividad/entomologia/","url":"https://fseneca.es/secyt22/actividad/entomologia/","name":"Entomología - SeCyT&#039;22","isPartOf":{"@id":"https://fseneca.es/secyt22/#website"},"datePublished":"2022-10-05T12:31:07+00:00","dateModified":"2022-10-05T12:31:08+00:00","description":"¿Qué es la Entomología, y por qué es tan importante? Trataremos temas como la polinización, órdenes de insectos y singularidades de Murcia.","breadcrumb":{"@id":"https://fseneca.es/secyt22/actividad/entomologia/#breadcrumb"},"inLanguage":"es","potentialAction":[{"@type":"ReadAction","target":["https://fseneca.es/secyt22/actividad/entomologia/"]}]},{"@type":"BreadcrumbList","@id":"https://fseneca.es/secyt22/actividad/entomologia/#breadcrumb","itemListElement":[{"@type":"ListItem","position":1,"name":"Portada","item":"https://fseneca.es/secyt22/"},{"@type":"ListItem","position":2,"name":"Entomología"}]},{"@type":"WebSite","@id":"https://fseneca.es/secyt22/#website","url":"https://fseneca.es/secyt22/","name":"SeCyT&#039;22","description":"Semana de la Ciencia y la Tecnología 2022","potentialAction":[{"@type":"SearchAction","target":{"@type":"EntryPoint","urlTemplate":"https://fseneca.es/secyt22/?s={search_term_string}"},"query-input":"required name=search_term_string"}],"inLanguage":"es"}]}</script>
<!-- / Yoast SEO plugin. -->

Entomología - SeCyT&#039;22

¿Qué es la Entomología, y por qué es tan importante? Trataremos temas como la polinización, órdenes de insectos y singularidades de Murcia.

Semana de la Ciencia y la Tecnología 2022
