{"id":12238,"date":"2022-09-27T09:25:50","date_gmt":"2022-09-27T09:25:50","guid":{"rendered":"https:\/\/fseneca.es\/secyt22\/?page_id=12238"},"modified":"2022-10-11T09:41:09","modified_gmt":"2022-10-11T09:41:09","slug":"ciencia-solidaria","status":"publish","type":"page","link":"https:\/\/fseneca.es\/secyt22\/ciencia-solidaria\/","title":{"rendered":"Ciencia solidaria"},"content":{"rendered":"\t\t<div data-elementor-type=\"wp-page\" data-elementor-id=\"12238\" class=\"elementor elementor-12238\">\n\t\t\t\t\t\t<div class=\"elementor-inner\">\n\t\t\t\t<div class=\"elementor-section-wrap\">\n\t\t\t\t\t\t\t\t\t<section class=\"elementor-section elementor-top-section elementor-element elementor-element-d396adb elementor-section-content-middle elementor-section-boxed elementor-section-height-default elementor-section-height-default\" data-id=\"d396adb\" data-element_type=\"section\" data-settings=\"{&quot;background_background&quot;:&quot;classic&quot;,&quot;background_motion_fx_motion_fx_scrolling&quot;:&quot;yes&quot;,&quot;background_motion_fx_translateY_effect&quot;:&quot;yes&quot;,&quot;background_motion_fx_translateY_speed&quot;:{&quot;unit&quot;:&quot;px&quot;,&quot;size&quot;:4,&quot;sizes&quot;:[]},&quot;background_motion_fx_translateY_affectedRange&quot;:{&quot;unit&quot;:&quot;%&quot;,&quot;size&quot;:&quot;&quot;,&quot;sizes&quot;:{&quot;start&quot;:0,&quot;end&quot;:100}},&quot;background_motion_fx_devices&quot;:[&quot;desktop&quot;,&quot;tablet&quot;,&quot;mobile&quot;]}\">\n\t\t\t\t\t\t\t<div class=\"elementor-background-overlay\"><\/div>\n\t\t\t\t\t\t\t<div class=\"elementor-container elementor-column-gap-default\">\n\t\t\t\t\t\t\t<div class=\"elementor-row\">\n\t\t\t\t\t<div class=\"elementor-column elementor-col-100 elementor-top-column elementor-element elementor-element-c2cf9db\" data-id=\"c2cf9db\" data-element_type=\"column\" data-settings=\"{&quot;background_background&quot;:&quot;slideshow&quot;,&quot;background_slideshow_gallery&quot;:[],&quot;background_slideshow_loop&quot;:&quot;yes&quot;,&quot;background_slideshow_slide_duration&quot;:5000,&quot;background_slideshow_slide_transition&quot;:&quot;fade&quot;,&quot;background_slideshow_transition_duration&quot;:500}\">\n\t\t\t<div class=\"elementor-column-wrap elementor-element-populated\">\n\t\t\t\t\t\t\t<div class=\"elementor-widget-wrap\">\n\t\t\t\t\t\t<div class=\"elementor-element elementor-element-b914295 elementor-invisible elementor-widget elementor-widget-heading\" data-id=\"b914295\" data-element_type=\"widget\" data-settings=\"{&quot;_animation&quot;:&quot;fadeInUp&quot;}\" data-widget_type=\"heading.default\">\n\t\t\t\t<div class=\"elementor-widget-container\">\n\t\t\t<h1 class=\"elementor-heading-title elementor-size-default\">CIENCIA SOLIDARIA<\/h1>\t\t<\/div>\n\t\t\t\t<\/div>\n\t\t\t\t\t\t<\/div>\n\t\t\t\t\t<\/div>\n\t\t<\/div>\n\t\t\t\t\t\t\t\t<\/div>\n\t\t\t\t\t<\/div>\n\t\t<\/section>\n\t\t\t\t<section class=\"elementor-section elementor-top-section elementor-element elementor-element-e1c2b37 elementor-section-boxed elementor-section-height-default elementor-section-height-default\" data-id=\"e1c2b37\" data-element_type=\"section\">\n\t\t\t\t\t\t<div class=\"elementor-container elementor-column-gap-default\">\n\t\t\t\t\t\t\t<div class=\"elementor-row\">\n\t\t\t\t\t<div class=\"elementor-column elementor-col-100 elementor-top-column elementor-element elementor-element-1db7e3f\" data-id=\"1db7e3f\" data-element_type=\"column\">\n\t\t\t<div class=\"elementor-column-wrap elementor-element-populated\">\n\t\t\t\t\t\t\t<div class=\"elementor-widget-wrap\">\n\t\t\t\t\t\t<div class=\"elementor-element elementor-element-6da54c2 elementor-widget-divider--view-line elementor-widget elementor-widget-divider\" data-id=\"6da54c2\" data-element_type=\"widget\" data-widget_type=\"divider.default\">\n\t\t\t\t<div class=\"elementor-widget-container\">\n\t\t\t\t\t<div class=\"elementor-divider\">\n\t\t\t<span class=\"elementor-divider-separator\">\n\t\t\t\t\t\t<\/span>\n\t\t<\/div>\n\t\t\t\t<\/div>\n\t\t\t\t<\/div>\n\t\t\t\t\t\t<\/div>\n\t\t\t\t\t<\/div>\n\t\t<\/div>\n\t\t\t\t\t\t\t\t<\/div>\n\t\t\t\t\t<\/div>\n\t\t<\/section>\n\t\t\t\t<section class=\"elementor-section elementor-top-section elementor-element elementor-element-8e3e4fe elementor-section-boxed elementor-section-height-default elementor-section-height-default\" data-id=\"8e3e4fe\" data-element_type=\"section\">\n\t\t\t\t\t\t<div class=\"elementor-container elementor-column-gap-default\">\n\t\t\t\t\t\t\t<div class=\"elementor-row\">\n\t\t\t\t\t<div class=\"elementor-column elementor-col-100 elementor-top-column elementor-element elementor-element-9766029\" data-id=\"9766029\" data-element_type=\"column\">\n\t\t\t<div class=\"elementor-column-wrap elementor-element-populated\">\n\t\t\t\t\t\t\t<div class=\"elementor-widget-wrap\">\n\t\t\t\t\t\t<div class=\"elementor-element elementor-element-9e59514 elementor-widget elementor-widget-heading\" data-id=\"9e59514\" data-element_type=\"widget\" data-widget_type=\"heading.default\">\n\t\t\t\t<div class=\"elementor-widget-container\">\n\t\t\t<h2 class=\"elementor-heading-title elementor-size-default\">S\u00e9neca Solidaria 2022, un encuentro con la Asociaci\u00f3n Espa\u00f1ola Contra el C\u00e1ncer<\/h2>\t\t<\/div>\n\t\t\t\t<\/div>\n\t\t\t\t\t\t<\/div>\n\t\t\t\t\t<\/div>\n\t\t<\/div>\n\t\t\t\t\t\t\t\t<\/div>\n\t\t\t\t\t<\/div>\n\t\t<\/section>\n\t\t\t\t<section class=\"elementor-section elementor-top-section elementor-element elementor-element-bbb5b3e elementor-section-boxed elementor-section-height-default elementor-section-height-default\" data-id=\"bbb5b3e\" data-element_type=\"section\">\n\t\t\t\t\t\t<div class=\"elementor-container elementor-column-gap-default\">\n\t\t\t\t\t\t\t<div class=\"elementor-row\">\n\t\t\t\t\t<div class=\"elementor-column elementor-col-100 elementor-top-column elementor-element elementor-element-0d92ae4\" data-id=\"0d92ae4\" data-element_type=\"column\">\n\t\t\t<div class=\"elementor-column-wrap elementor-element-populated\">\n\t\t\t\t\t\t\t<div class=\"elementor-widget-wrap\">\n\t\t\t\t\t\t<div class=\"elementor-element elementor-element-3eee1fe elementor-widget elementor-widget-text-editor\" data-id=\"3eee1fe\" data-element_type=\"widget\" data-widget_type=\"text-editor.default\">\n\t\t\t\t<div class=\"elementor-widget-container\">\n\t\t\t\t\t\t\t\t<div class=\"elementor-text-editor elementor-clearfix\">\n\t\t\t\t<p><strong>Dentro de la iniciativa <em>S\u00e9neca Solidaria, <\/em>en esta edici\u00f3n de la SeCyT la Fundaci\u00f3n S\u00e9neca tiene como invitado especial participante en la SeCyT a la aecc, realizando talleres para los m\u00e1s peque\u00f1os y mostrando la investigaci\u00f3n que sobre distintos aspectos del c\u00e1ncer se lleva a cabo en la Regi\u00f3n de Murcia<\/strong><\/p><p>Durante los \u00faltimos 6 a\u00f1os a trav\u00e9s del Programa <em>S\u00e9neca Solidaria<\/em>, la SeCyT es tambi\u00e9n una ocasi\u00f3n para la participaci\u00f3n ciudadana en torno a proyectos e iniciativas conjuntas de entidades sin \u00e1nimo de lucro e investigadores para abordar retos como los del acceso a la educaci\u00f3n de las ni\u00f1as en \u00c1frica con UNICEF, el c\u00e1ncer infantil con la Asociaci\u00f3n Pablo Ugarte, la investigaci\u00f3n sobre el pie diab\u00e9tico con ADIRMU (la Asociaci\u00f3n Murciana para el Cuidado de la Diabetes) o el Programa de Enfermedades Raras No Diagnosticadas de la Regi\u00f3n de Murcia Detr\u00e1s con ONG G\u00b4Genes. Detr\u00e1s de <em>S\u00e9neca Solidaria<\/em> hay siempre un desaf\u00edo y un proyecto de investigaci\u00f3n.<\/p><p>En esta edici\u00f3n de 2022 tenemos como protagonista a una entidad por todos querida y conocida: la <em>aecc<\/em> \u2013 Asociaci\u00f3n Espa\u00f1ola Contra el C\u00e1ncer, una organizaci\u00f3n sin \u00e1nimo de lucro integrada por pacientes, los familiares de estos, voluntarios, colaboradores y profesionales cuyas vidas se han visto tocadas por esta enfermedad o est\u00e1n dedicadas a ella de una forma u otra. La asociaci\u00f3n persigue en primer lugar apoyar y acompa\u00f1ar a los que sufren esta dolencia y a sus familias, pero no menos importante es la financiaci\u00f3n de proyectos de investigaci\u00f3n cient\u00edfica que permitan mejorar los diagn\u00f3sticos y tratamientos del c\u00e1ncer.<\/p><p>Voluntarios y personal de la <em>aecc<\/em> estar\u00e1n en un stand de la Semana de la Ciencia realizando algunos de sus Talleres de Ciencias, talleres cuyo objetivo \u00faltimo es involucrar a la sociedad en misi\u00f3n de mejorar la vida de los pacientes de c\u00e1ncer a trav\u00e9s del impulso de la investigaci\u00f3n sobre esta enfermedad. Estas actividades pretenden despertar el inter\u00e9s de los m\u00e1s peque\u00f1os por la ciencia, creando futuros ciudadanos sensibilizados con la importancia de la investigaci\u00f3n en el c\u00e1ncer y poniendo as\u00ed su granito de arena en el fomento de futuras vocaciones cient\u00edficas en esta \u00e1rea.<\/p><p>El taller <em>La historia de Lino de Centrosaurio<\/em> cuenta la historia de un peque\u00f1o dinosaurio muy curioso, que vivi\u00f3 hace millones de a\u00f1os y que conocemos hoy gracis al estudio que los cient\u00edficos han hecho de sus huesos. En \u00e9l los ni\u00f1os construir\u00e1n huesos como el de Lino, estudiar\u00e1n su esqueleto y podr\u00e1n saber qu\u00e9 es el c\u00e1ncer, enfermedad que sufri\u00f3 nuestro amigo el dinosaurio.<\/p><p>De todos es sabido que la <em>aecc<\/em> es la entidad de referencia en la lucha contra el c\u00e1ncer, que dedica sus esfuerzos a mostrar la realidad del c\u00e1ncer en nuestro pa\u00eds, a detectar \u00e1reas de mejora y poner en marcha un proceso de transformaci\u00f3n social que permita corregirlas, para obtener un abordaje del c\u00e1ncer integral y multidisciplinar. Esta gran ONG desarrolla su actividad en todo el territorio nacional con 52 sedes en sendas provincias espa\u00f1olas, estando presente en m\u00e1s de 2.000 localidades. Cuenta con casi 30.000 voluntarios, m\u00e1s de 500.000 socios y casi 1.000 profesionales. S\u00f3lo durante el a\u00f1o 2021, la <em>aecc<\/em> atendi\u00f3 a 136.000 personas afectadas por el c\u00e1ncer en toda Espa\u00f1a.<\/p><p>A trav\u00e9s de su Fundaci\u00f3n Cient\u00edfica la <em>aecc<\/em> se hace eco de la demanda social de investigaci\u00f3n sobre el c\u00e1ncer, financiando programas de investigaci\u00f3n cient\u00edfica oncol\u00f3gica de calidad. Hoy d\u00eda, la <em>aecc<\/em> es la entidad social privada que m\u00e1s fondos destina a investigar el c\u00e1ncer: 92 millones de euros para 525 proyectos, en los que participan m\u00e1s de un millar de investigadores.<\/p><p>El a\u00f1o pasado, en la Regi\u00f3n de Murcia, la Asociaci\u00f3n aport\u00f3 m\u00e1s de 400.000 \u20ac a la investigaci\u00f3n. Las tres cuartas partes de esa dotaci\u00f3n se ha destinado a financiar su Fundaci\u00f3n Cient\u00edfica, y el resto se ha dedicado a cuatro proyectos de investigaci\u00f3n predoctorales que se llevan a cabo tanto en la Universidad de Murcia como la UCAM, y que versan sobre metalof\u00e1rmacos, c\u00e1ncer de colon, el melanoma y nuevas estrategias de selecci\u00f3n de c\u00e9lulas NK para inmunoterapia. A finales de 2020 la sede provincial aprob\u00f3 la concesi\u00f3n de una nueva beca postdoctoral, lo que supone una dotaci\u00f3n de 160.000 \u20ac para un proyecto de 4 a\u00f1os.<\/p><p>Por tercer a\u00f1o consecutivo, algunos de los <em>Talleres J\u00f3venes Cient\u00edficos<\/em> que la Fundaci\u00f3n S\u00e9neca ofrece a los m\u00e1s j\u00f3venes en su stand en la SeCyT, y en concreto los relacionados con la cocina, dispondr\u00e1n de plazas especialmente reservadas a ni\u00f1os de <strong>ASSIDO<\/strong>, la Asociaci\u00f3n para Personas con S\u00edndrome de Down de Murcia. La experiencia de la edici\u00f3n pasada fue realmente gratificante tanto para los ni\u00f1os como para quienes impartieron los talleres, motivo por el cual este a\u00f1o se repite, y posiblemente muchas ediciones m\u00e1s.<\/p>\t\t\t\t\t<\/div>\n\t\t\t\t\t\t<\/div>\n\t\t\t\t<\/div>\n\t\t\t\t\t\t<\/div>\n\t\t\t\t\t<\/div>\n\t\t<\/div>\n\t\t\t\t\t\t\t\t<\/div>\n\t\t\t\t\t<\/div>\n\t\t<\/section>\n\t\t\t\t<section class=\"elementor-section elementor-top-section elementor-element elementor-element-ce94265 elementor-section-boxed elementor-section-height-default elementor-section-height-default\" data-id=\"ce94265\" data-element_type=\"section\">\n\t\t\t\t\t\t<div class=\"elementor-container elementor-column-gap-default\">\n\t\t\t\t\t\t\t<div class=\"elementor-row\">\n\t\t\t\t\t<div class=\"elementor-column elementor-col-100 elementor-top-column elementor-element elementor-element-14d7b34\" data-id=\"14d7b34\" data-element_type=\"column\">\n\t\t\t<div class=\"elementor-column-wrap elementor-element-populated\">\n\t\t\t\t\t\t\t<div class=\"elementor-widget-wrap\">\n\t\t\t\t\t\t<div class=\"elementor-element elementor-element-e38843f elementor-widget elementor-widget-image\" data-id=\"e38843f\" data-element_type=\"widget\" data-widget_type=\"image.default\">\n\t\t\t\t<div class=\"elementor-widget-container\">\n\t\t\t\t\t\t\t\t<div class=\"elementor-image\">\n\t\t\t\t\t\t\t\t\t\t\t\t<img width=\"768\" height=\"513\" src=\"https:\/\/fseneca.es\/secyt22\/wp-content\/uploads\/2022\/10\/AlfonsoDuran-Secyt-2019_DSC0489-768x513.jpg\" class=\"attachment-medium_large size-medium_large\" alt=\"\" loading=\"lazy\" srcset=\"https:\/\/fseneca.es\/secyt22\/wp-content\/uploads\/2022\/10\/AlfonsoDuran-Secyt-2019_DSC0489-768x513.jpg 768w, https:\/\/fseneca.es\/secyt22\/wp-content\/uploads\/2022\/10\/AlfonsoDuran-Secyt-2019_DSC0489-300x200.jpg 300w, https:\/\/fseneca.es\/secyt22\/wp-content\/uploads\/2022\/10\/AlfonsoDuran-Secyt-2019_DSC0489-1024x683.jpg 1024w, https:\/\/fseneca.es\/secyt22\/wp-content\/uploads\/2022\/10\/AlfonsoDuran-Secyt-2019_DSC0489-1536x1025.jpg 1536w, https:\/\/fseneca.es\/secyt22\/wp-content\/uploads\/2022\/10\/AlfonsoDuran-Secyt-2019_DSC0489-2048x1367.jpg 2048w\" sizes=\"(max-width: 768px) 100vw, 768px\" \/>\t\t\t\t\t\t\t\t\t\t\t\t\t\t<\/div>\n\t\t\t\t\t\t<\/div>\n\t\t\t\t<\/div>\n\t\t\t\t\t\t<\/div>\n\t\t\t\t\t<\/div>\n\t\t<\/div>\n\t\t\t\t\t\t\t\t<\/div>\n\t\t\t\t\t<\/div>\n\t\t<\/section>\n\t\t\t\t\t\t\t\t\t<\/div>\n\t\t\t<\/div>\n\t\t\t\t\t<\/div>\n\t\t","protected":false},"excerpt":{"rendered":"<p>CIENCIA SOLIDARIA S\u00e9neca Solidaria 2022, un encuentro con la Asociaci\u00f3n Espa\u00f1ola Contra el C\u00e1ncer Dentro de la iniciativa S\u00e9neca Solidaria, en esta edici\u00f3n de la SeCyT la Fundaci\u00f3n S\u00e9neca tiene como invitado especial participante en la SeCyT a la aecc, realizando talleres para los m\u00e1s peque\u00f1os y mostrando la investigaci\u00f3n que sobre distintos aspectos del [&hellip;]<\/p>\n","protected":false},"author":168,"featured_media":12806,"parent":0,"menu_order":0,"comment_status":"closed","ping_status":"closed","template":"","meta":[],"acf":[],"yoast_head":"<!-- This site is optimized with the Yoast SEO plugin v19.7.1 - https:\/\/yoast.com\/wordpress\/plugins\/seo\/ -->\n<title>Ciencia solidaria - SeCyT&#039;22<\/title>\n<meta name=\"robots\" content=\"index, follow, max-snippet:-1, max-image-preview:large, max-video-preview:-1\" \/>\n<link rel=\"canonical\" href=\"https:\/\/fseneca.es\/secyt22\/ciencia-solidaria\/\" \/>\n<meta property=\"og:locale\" content=\"es_ES\" \/>\n<meta property=\"og:type\" content=\"article\" \/>\n<meta property=\"og:title\" content=\"Ciencia solidaria - SeCyT&#039;22\" \/>\n<meta property=\"og:description\" content=\"CIENCIA SOLIDARIA S\u00e9neca Solidaria 2022, un encuentro con la Asociaci\u00f3n Espa\u00f1ola Contra el C\u00e1ncer Dentro de la iniciativa S\u00e9neca Solidaria, en esta edici\u00f3n de la SeCyT la Fundaci\u00f3n S\u00e9neca tiene como invitado especial participante en la SeCyT a la aecc, realizando talleres para los m\u00e1s peque\u00f1os y mostrando la investigaci\u00f3n que sobre distintos aspectos del [&hellip;]\" \/>\n<meta property=\"og:url\" content=\"https:\/\/fseneca.es\/secyt22\/ciencia-solidaria\/\" \/>\n<meta property=\"og:site_name\" content=\"SeCyT&#039;22\" \/>\n<meta property=\"article:modified_time\" content=\"2022-10-11T09:41:09+00:00\" \/>\n<meta property=\"og:image\" content=\"http:\/\/fseneca.es\/secyt22\/wp-content\/uploads\/2022\/10\/ciencia-solidaria-scaled.jpg\" \/>\n\t<meta property=\"og:image:width\" content=\"2560\" \/>\n\t<meta property=\"og:image:height\" content=\"1709\" \/>\n\t<meta property=\"og:image:type\" content=\"image\/jpeg\" \/>\n<meta name=\"twitter:card\" content=\"summary_large_image\" \/>\n<meta name=\"twitter:label1\" content=\"Tiempo de lectura\" \/>\n\t<meta name=\"twitter:data1\" content=\"4 minutos\" \/>\n<script type=\"application\/ld+json\" class=\"yoast-schema-graph\">{\"@context\":\"https:\/\/schema.org\",\"@graph\":[{\"@type\":\"WebPage\",\"@id\":\"https:\/\/fseneca.es\/secyt22\/ciencia-solidaria\/\",\"url\":\"https:\/\/fseneca.es\/secyt22\/ciencia-solidaria\/\",\"name\":\"Ciencia solidaria - SeCyT&#039;22\",\"isPartOf\":{\"@id\":\"https:\/\/fseneca.es\/secyt22\/#website\"},\"datePublished\":\"2022-09-27T09:25:50+00:00\",\"dateModified\":\"2022-10-11T09:41:09+00:00\",\"breadcrumb\":{\"@id\":\"https:\/\/fseneca.es\/secyt22\/ciencia-solidaria\/#breadcrumb\"},\"inLanguage\":\"es\",\"potentialAction\":[{\"@type\":\"ReadAction\",\"target\":[\"https:\/\/fseneca.es\/secyt22\/ciencia-solidaria\/\"]}]},{\"@type\":\"BreadcrumbList\",\"@id\":\"https:\/\/fseneca.es\/secyt22\/ciencia-solidaria\/#breadcrumb\",\"itemListElement\":[{\"@type\":\"ListItem\",\"position\":1,\"name\":\"Portada\",\"item\":\"https:\/\/fseneca.es\/secyt22\/\"},{\"@type\":\"ListItem\",\"position\":2,\"name\":\"Ciencia solidaria\"}]},{\"@type\":\"WebSite\",\"@id\":\"https:\/\/fseneca.es\/secyt22\/#website\",\"url\":\"https:\/\/fseneca.es\/secyt22\/\",\"name\":\"SeCyT&#039;22\",\"description\":\"Semana de la Ciencia y la Tecnolog\u00eda 2022\",\"potentialAction\":[{\"@type\":\"SearchAction\",\"target\":{\"@type\":\"EntryPoint\",\"urlTemplate\":\"https:\/\/fseneca.es\/secyt22\/?s={search_term_string}\"},\"query-input\":\"required name=search_term_string\"}],\"inLanguage\":\"es\"}]}<\/script>\n<!-- \/ Yoast SEO plugin. -->","yoast_head_json":{"title":"Ciencia solidaria - SeCyT&#039;22","robots":{"index":"index","follow":"follow","max-snippet":"max-snippet:-1","max-image-preview":"max-image-preview:large","max-video-preview":"max-video-preview:-1"},"canonical":"https:\/\/fseneca.es\/secyt22\/ciencia-solidaria\/","og_locale":"es_ES","og_type":"article","og_title":"Ciencia solidaria - SeCyT&#039;22","og_description":"CIENCIA SOLIDARIA S\u00e9neca Solidaria 2022, un encuentro con la Asociaci\u00f3n Espa\u00f1ola Contra el C\u00e1ncer Dentro de la iniciativa S\u00e9neca Solidaria, en esta edici\u00f3n de la SeCyT la Fundaci\u00f3n S\u00e9neca tiene como invitado especial participante en la SeCyT a la aecc, realizando talleres para los m\u00e1s peque\u00f1os y mostrando la investigaci\u00f3n que sobre distintos aspectos del [&hellip;]","og_url":"https:\/\/fseneca.es\/secyt22\/ciencia-solidaria\/","og_site_name":"SeCyT&#039;22","article_modified_time":"2022-10-11T09:41:09+00:00","og_image":[{"width":2560,"height":1709,"url":"http:\/\/fseneca.es\/secyt22\/wp-content\/uploads\/2022\/10\/ciencia-solidaria-scaled.jpg","type":"image\/jpeg"}],"twitter_card":"summary_large_image","twitter_misc":{"Tiempo de lectura":"4 minutos"},"schema":{"@context":"https:\/\/schema.org","@graph":[{"@type":"WebPage","@id":"https:\/\/fseneca.es\/secyt22\/ciencia-solidaria\/","url":"https:\/\/fseneca.es\/secyt22\/ciencia-solidaria\/","name":"Ciencia solidaria - SeCyT&#039;22","isPartOf":{"@id":"https:\/\/fseneca.es\/secyt22\/#website"},"datePublished":"2022-09-27T09:25:50+00:00","dateModified":"2022-10-11T09:41:09+00:00","breadcrumb":{"@id":"https:\/\/fseneca.es\/secyt22\/ciencia-solidaria\/#breadcrumb"},"inLanguage":"es","potentialAction":[{"@type":"ReadAction","target":["https:\/\/fseneca.es\/secyt22\/ciencia-solidaria\/"]}]},{"@type":"BreadcrumbList","@id":"https:\/\/fseneca.es\/secyt22\/ciencia-solidaria\/#breadcrumb","itemListElement":[{"@type":"ListItem","position":1,"name":"Portada","item":"https:\/\/fseneca.es\/secyt22\/"},{"@type":"ListItem","position":2,"name":"Ciencia solidaria"}]},{"@type":"WebSite","@id":"https:\/\/fseneca.es\/secyt22\/#website","url":"https:\/\/fseneca.es\/secyt22\/","name":"SeCyT&#039;22","description":"Semana de la Ciencia y la Tecnolog\u00eda 2022","potentialAction":[{"@type":"SearchAction","target":{"@type":"EntryPoint","urlTemplate":"https:\/\/fseneca.es\/secyt22\/?s={search_term_string}"},"query-input":"required name=search_term_string"}],"inLanguage":"es"}]}},"_links":{"self":[{"href":"https:\/\/fseneca.es\/secyt22\/wp-json\/wp\/v2\/pages\/12238"}],"collection":[{"href":"https:\/\/fseneca.es\/secyt22\/wp-json\/wp\/v2\/pages"}],"about":[{"href":"https:\/\/fseneca.es\/secyt22\/wp-json\/wp\/v2\/types\/page"}],"author":[{"embeddable":true,"href":"https:\/\/fseneca.es\/secyt22\/wp-json\/wp\/v2\/users\/168"}],"replies":[{"embeddable":true,"href":"https:\/\/fseneca.es\/secyt22\/wp-json\/wp\/v2\/comments?post=12238"}],"version-history":[{"count":30,"href":"https:\/\/fseneca.es\/secyt22\/wp-json\/wp\/v2\/pages\/12238\/revisions"}],"predecessor-version":[{"id":13238,"href":"https:\/\/fseneca.es\/secyt22\/wp-json\/wp\/v2\/pages\/12238\/revisions\/13238"}],"wp:featuredmedia":[{"embeddable":true,"href":"https:\/\/fseneca.es\/secyt22\/wp-json\/wp\/v2\/media\/12806"}],"wp:attachment":[{"href":"https:\/\/fseneca.es\/secyt22\/wp-json\/wp\/v2\/media?parent=12238"}],"curies":[{"name":"wp","href":"https:\/\/api.w.org\/{rel}","templated":true}]}}