{"id":12656,"date":"2022-10-03T10:38:56","date_gmt":"2022-10-03T10:38:56","guid":{"rendered":"https:\/\/fseneca.es\/secyt22\/?page_id=12656"},"modified":"2022-10-19T07:13:51","modified_gmt":"2022-10-19T07:13:51","slug":"ingenium-nostrum-exposicion","status":"publish","type":"page","link":"https:\/\/fseneca.es\/secyt22\/ingenium-nostrum-exposicion\/","title":{"rendered":"Ingenium nostrum &#8211; Exposici\u00f3n"},"content":{"rendered":"\t\t<div data-elementor-type=\"wp-page\" data-elementor-id=\"12656\" class=\"elementor elementor-12656\">\n\t\t\t\t\t\t<div class=\"elementor-inner\">\n\t\t\t\t<div class=\"elementor-section-wrap\">\n\t\t\t\t\t\t\t\t\t<section class=\"elementor-section elementor-top-section elementor-element elementor-element-2f6da00 elementor-section-content-middle elementor-section-boxed elementor-section-height-default elementor-section-height-default\" data-id=\"2f6da00\" data-element_type=\"section\" data-settings=\"{&quot;background_background&quot;:&quot;classic&quot;,&quot;background_motion_fx_motion_fx_scrolling&quot;:&quot;yes&quot;,&quot;background_motion_fx_translateY_effect&quot;:&quot;yes&quot;,&quot;background_motion_fx_translateY_speed&quot;:{&quot;unit&quot;:&quot;px&quot;,&quot;size&quot;:4,&quot;sizes&quot;:[]},&quot;background_motion_fx_translateY_affectedRange&quot;:{&quot;unit&quot;:&quot;%&quot;,&quot;size&quot;:&quot;&quot;,&quot;sizes&quot;:{&quot;start&quot;:0,&quot;end&quot;:100}},&quot;background_motion_fx_devices&quot;:[&quot;desktop&quot;,&quot;tablet&quot;,&quot;mobile&quot;]}\">\n\t\t\t\t\t\t\t<div class=\"elementor-background-overlay\"><\/div>\n\t\t\t\t\t\t\t<div class=\"elementor-container elementor-column-gap-default\">\n\t\t\t\t\t\t\t<div class=\"elementor-row\">\n\t\t\t\t\t<div class=\"elementor-column elementor-col-100 elementor-top-column elementor-element elementor-element-7bbed9e\" data-id=\"7bbed9e\" data-element_type=\"column\" data-settings=\"{&quot;background_background&quot;:&quot;slideshow&quot;,&quot;background_slideshow_gallery&quot;:[],&quot;background_slideshow_loop&quot;:&quot;yes&quot;,&quot;background_slideshow_slide_duration&quot;:5000,&quot;background_slideshow_slide_transition&quot;:&quot;fade&quot;,&quot;background_slideshow_transition_duration&quot;:500}\">\n\t\t\t<div class=\"elementor-column-wrap elementor-element-populated\">\n\t\t\t\t\t\t\t<div class=\"elementor-widget-wrap\">\n\t\t\t\t\t\t<div class=\"elementor-element elementor-element-8ebcf7b elementor-invisible elementor-widget elementor-widget-heading\" data-id=\"8ebcf7b\" data-element_type=\"widget\" data-settings=\"{&quot;_animation&quot;:&quot;fadeInUp&quot;}\" data-widget_type=\"heading.default\">\n\t\t\t\t<div class=\"elementor-widget-container\">\n\t\t\t<h1 class=\"elementor-heading-title elementor-size-default\">EXPOSICI\u00d3N <br> INGENIUM NOSTRUM<\/h1>\t\t<\/div>\n\t\t\t\t<\/div>\n\t\t\t\t\t\t<\/div>\n\t\t\t\t\t<\/div>\n\t\t<\/div>\n\t\t\t\t\t\t\t\t<\/div>\n\t\t\t\t\t<\/div>\n\t\t<\/section>\n\t\t\t\t<section class=\"elementor-section elementor-top-section elementor-element elementor-element-2a3bb6b elementor-section-boxed elementor-section-height-default elementor-section-height-default\" data-id=\"2a3bb6b\" data-element_type=\"section\">\n\t\t\t\t\t\t<div class=\"elementor-container elementor-column-gap-default\">\n\t\t\t\t\t\t\t<div class=\"elementor-row\">\n\t\t\t\t\t<div class=\"elementor-column elementor-col-100 elementor-top-column elementor-element elementor-element-833d18a\" data-id=\"833d18a\" data-element_type=\"column\">\n\t\t\t<div class=\"elementor-column-wrap elementor-element-populated\">\n\t\t\t\t\t\t\t<div class=\"elementor-widget-wrap\">\n\t\t\t\t\t\t<div class=\"elementor-element elementor-element-d87a4ae elementor-widget elementor-widget-spacer\" data-id=\"d87a4ae\" data-element_type=\"widget\" data-widget_type=\"spacer.default\">\n\t\t\t\t<div class=\"elementor-widget-container\">\n\t\t\t\t\t<div class=\"elementor-spacer\">\n\t\t\t<div class=\"elementor-spacer-inner\"><\/div>\n\t\t<\/div>\n\t\t\t\t<\/div>\n\t\t\t\t<\/div>\n\t\t\t\t<div class=\"elementor-element elementor-element-1367be9 elementor-widget elementor-widget-heading\" data-id=\"1367be9\" data-element_type=\"widget\" data-widget_type=\"heading.default\">\n\t\t\t\t<div class=\"elementor-widget-container\">\n\t\t\t<h2 class=\"elementor-heading-title elementor-size-default\">ingenium nostrum<\/h2>\t\t<\/div>\n\t\t\t\t<\/div>\n\t\t\t\t\t\t<\/div>\n\t\t\t\t\t<\/div>\n\t\t<\/div>\n\t\t\t\t\t\t\t\t<\/div>\n\t\t\t\t\t<\/div>\n\t\t<\/section>\n\t\t\t\t<section class=\"elementor-section elementor-top-section elementor-element elementor-element-79335925 elementor-section-boxed elementor-section-height-default elementor-section-height-default\" data-id=\"79335925\" data-element_type=\"section\">\n\t\t\t\t\t\t<div class=\"elementor-container elementor-column-gap-default\">\n\t\t\t\t\t\t\t<div class=\"elementor-row\">\n\t\t\t\t\t<div class=\"elementor-column elementor-col-100 elementor-top-column elementor-element elementor-element-22fb0842\" data-id=\"22fb0842\" data-element_type=\"column\">\n\t\t\t<div class=\"elementor-column-wrap elementor-element-populated\">\n\t\t\t\t\t\t\t<div class=\"elementor-widget-wrap\">\n\t\t\t\t\t\t<div class=\"elementor-element elementor-element-a5f1b80 elementor-widget elementor-widget-text-editor\" data-id=\"a5f1b80\" data-element_type=\"widget\" data-widget_type=\"text-editor.default\">\n\t\t\t\t<div class=\"elementor-widget-container\">\n\t\t\t\t\t\t\t\t<div class=\"elementor-text-editor elementor-clearfix\">\n\t\t\t\t<p><!-- wp:paragraph --><\/p>\n<p>La secyt reservar\u00e1 un espacio para la exposici\u00f3n <em>Ingenium Nostrum<\/em>, un muestra sobre inventos que han surgido a lo largo de la historia en pa\u00edses o regiones de la cuenca mediterr\u00e1nea, hablar\u00e1 del autogiro, la gr\u00faa, el cristal y el vidrio, la fregona, el submarino, el cinemat\u00f3grafo, el tel\u00e9grafo \u00f3ptico, el microscopio, la radio, \u2026 \u00a0hasta un total de 25 invenciones. Lo de \u201chablar\u00e1\u201d es textual, porque <em>Ingenium Nostrum<\/em> no es una exposici\u00f3n al uso, no s\u00f3lo porque a ella asistimos desde un dispositivo electr\u00f3nico, sino porque los paneles cuentan historias, las de los inventos, a trav\u00e9s de audios cortos que explicar\u00e1n el invento y lo que este signific\u00f3 y aport\u00f3 a la ciencia y a la humanidad en general.<\/p>\n<p><!-- \/wp:paragraph --><\/p>\n<p><!-- wp:paragraph --><\/p>\n<p>La exposici\u00f3n estar\u00e1 disponible tanto en castellano como en ingl\u00e9s en <a href=\"https:\/\/fseneca.es\/ingeniumnostrum\/\"><span style=\"text-decoration: underline;\">Ingenium Nostrum<\/span><\/a>\u00a0. Las im\u00e1genes de los inventos, creadas por la dise\u00f1adora Fanny Chac\u00f3n, impactan por su frescura y originalidad y lo m\u00e1s importante, captan a la perfecci\u00f3n las caracter\u00edsticas f\u00edsicas del invento. <em>Ingenium Nostrum<\/em> constituye un recurso did\u00e1ctico biling\u00fce siempre accesible y disponible para cualquier centro educativo m\u00e1s all\u00e1 de la Regi\u00f3n de Murcia.<\/p>\n<p><!-- \/wp:paragraph --><\/p>\t\t\t\t\t<\/div>\n\t\t\t\t\t\t<\/div>\n\t\t\t\t<\/div>\n\t\t\t\t\t\t<\/div>\n\t\t\t\t\t<\/div>\n\t\t<\/div>\n\t\t\t\t\t\t\t\t<\/div>\n\t\t\t\t\t<\/div>\n\t\t<\/section>\n\t\t\t\t<section class=\"elementor-section elementor-top-section elementor-element elementor-element-f3f5864 elementor-section-boxed elementor-section-height-default elementor-section-height-default\" data-id=\"f3f5864\" data-element_type=\"section\">\n\t\t\t\t\t\t<div class=\"elementor-container elementor-column-gap-default\">\n\t\t\t\t\t\t\t<div class=\"elementor-row\">\n\t\t\t\t\t<div class=\"elementor-column elementor-col-100 elementor-top-column elementor-element elementor-element-91d8c26\" data-id=\"91d8c26\" data-element_type=\"column\">\n\t\t\t<div class=\"elementor-column-wrap elementor-element-populated\">\n\t\t\t\t\t\t\t<div class=\"elementor-widget-wrap\">\n\t\t\t\t\t\t<div class=\"elementor-element elementor-element-2ae3f2f elementor-widget elementor-widget-image\" data-id=\"2ae3f2f\" data-element_type=\"widget\" data-widget_type=\"image.default\">\n\t\t\t\t<div class=\"elementor-widget-container\">\n\t\t\t\t\t\t\t\t<div class=\"elementor-image\">\n\t\t\t\t\t\t\t\t\t\t\t\t\t<a href=\"https:\/\/fseneca.es\/ingeniumnostrum\/\">\n\t\t\t\t\t\t\t<img width=\"715\" height=\"402\" src=\"https:\/\/fseneca.es\/secyt22\/wp-content\/uploads\/2022\/10\/Agenda-Menuda-Ingenium-Nostrum.png\" class=\"attachment-medium_large size-medium_large\" alt=\"\" loading=\"lazy\" srcset=\"https:\/\/fseneca.es\/secyt22\/wp-content\/uploads\/2022\/10\/Agenda-Menuda-Ingenium-Nostrum.png 715w, https:\/\/fseneca.es\/secyt22\/wp-content\/uploads\/2022\/10\/Agenda-Menuda-Ingenium-Nostrum-300x169.png 300w\" sizes=\"(max-width: 715px) 100vw, 715px\" \/>\t\t\t\t\t\t\t\t<\/a>\n\t\t\t\t\t\t\t\t\t\t\t\t\t\t<\/div>\n\t\t\t\t\t\t<\/div>\n\t\t\t\t<\/div>\n\t\t\t\t\t\t<\/div>\n\t\t\t\t\t<\/div>\n\t\t<\/div>\n\t\t\t\t\t\t\t\t<\/div>\n\t\t\t\t\t<\/div>\n\t\t<\/section>\n\t\t\t\t<section class=\"elementor-section elementor-top-section elementor-element elementor-element-d6579bb elementor-section-boxed elementor-section-height-default elementor-section-height-default\" data-id=\"d6579bb\" data-element_type=\"section\">\n\t\t\t\t\t\t<div class=\"elementor-container elementor-column-gap-default\">\n\t\t\t\t\t\t\t<div class=\"elementor-row\">\n\t\t\t\t\t<div class=\"elementor-column elementor-col-100 elementor-top-column elementor-element elementor-element-42076b3\" data-id=\"42076b3\" data-element_type=\"column\">\n\t\t\t<div class=\"elementor-column-wrap elementor-element-populated\">\n\t\t\t\t\t\t\t<div class=\"elementor-widget-wrap\">\n\t\t\t\t\t\t<div class=\"elementor-element elementor-element-166f498 elementor-widget elementor-widget-spacer\" data-id=\"166f498\" data-element_type=\"widget\" data-widget_type=\"spacer.default\">\n\t\t\t\t<div class=\"elementor-widget-container\">\n\t\t\t\t\t<div class=\"elementor-spacer\">\n\t\t\t<div class=\"elementor-spacer-inner\"><\/div>\n\t\t<\/div>\n\t\t\t\t<\/div>\n\t\t\t\t<\/div>\n\t\t\t\t\t\t<\/div>\n\t\t\t\t\t<\/div>\n\t\t<\/div>\n\t\t\t\t\t\t\t\t<\/div>\n\t\t\t\t\t<\/div>\n\t\t<\/section>\n\t\t\t\t\t\t\t\t\t<\/div>\n\t\t\t<\/div>\n\t\t\t\t\t<\/div>\n\t\t","protected":false},"excerpt":{"rendered":"<p>EXPOSICI\u00d3N INGENIUM NOSTRUM ingenium nostrum La secyt reservar\u00e1 un espacio para la exposici\u00f3n Ingenium Nostrum, un muestra sobre inventos que han surgido a lo largo de la historia en pa\u00edses o regiones de la cuenca mediterr\u00e1nea, hablar\u00e1 del autogiro, la gr\u00faa, el cristal y el vidrio, la fregona, el submarino, el cinemat\u00f3grafo, el tel\u00e9grafo \u00f3ptico, [&hellip;]<\/p>\n","protected":false},"author":122,"featured_media":14029,"parent":0,"menu_order":0,"comment_status":"closed","ping_status":"closed","template":"","meta":[],"acf":[],"yoast_head":"<!-- This site is optimized with the Yoast SEO plugin v19.7.1 - https:\/\/yoast.com\/wordpress\/plugins\/seo\/ -->\n<title>Ingenium nostrum - Exposici\u00f3n - SeCyT&#039;22<\/title>\n<meta name=\"robots\" content=\"index, follow, max-snippet:-1, max-image-preview:large, max-video-preview:-1\" \/>\n<link rel=\"canonical\" href=\"https:\/\/fseneca.es\/secyt22\/ingenium-nostrum-exposicion\/\" \/>\n<meta property=\"og:locale\" content=\"es_ES\" \/>\n<meta property=\"og:type\" content=\"article\" \/>\n<meta property=\"og:title\" content=\"Ingenium nostrum - Exposici\u00f3n - SeCyT&#039;22\" \/>\n<meta property=\"og:description\" content=\"EXPOSICI\u00d3N INGENIUM NOSTRUM ingenium nostrum La secyt reservar\u00e1 un espacio para la exposici\u00f3n Ingenium Nostrum, un muestra sobre inventos que han surgido a lo largo de la historia en pa\u00edses o regiones de la cuenca mediterr\u00e1nea, hablar\u00e1 del autogiro, la gr\u00faa, el cristal y el vidrio, la fregona, el submarino, el cinemat\u00f3grafo, el tel\u00e9grafo \u00f3ptico, [&hellip;]\" \/>\n<meta property=\"og:url\" content=\"https:\/\/fseneca.es\/secyt22\/ingenium-nostrum-exposicion\/\" \/>\n<meta property=\"og:site_name\" content=\"SeCyT&#039;22\" \/>\n<meta property=\"article:modified_time\" content=\"2022-10-19T07:13:51+00:00\" \/>\n<meta property=\"og:image\" content=\"http:\/\/fseneca.es\/secyt22\/wp-content\/uploads\/2022\/10\/Ingenium-Nostrum-740x453-1.jpg\" \/>\n\t<meta property=\"og:image:width\" content=\"740\" \/>\n\t<meta property=\"og:image:height\" content=\"453\" \/>\n\t<meta property=\"og:image:type\" content=\"image\/jpeg\" \/>\n<meta name=\"twitter:card\" content=\"summary_large_image\" \/>\n<meta name=\"twitter:label1\" content=\"Tiempo de lectura\" \/>\n\t<meta name=\"twitter:data1\" content=\"2 minutos\" \/>\n<script type=\"application\/ld+json\" class=\"yoast-schema-graph\">{\"@context\":\"https:\/\/schema.org\",\"@graph\":[{\"@type\":\"WebPage\",\"@id\":\"https:\/\/fseneca.es\/secyt22\/ingenium-nostrum-exposicion\/\",\"url\":\"https:\/\/fseneca.es\/secyt22\/ingenium-nostrum-exposicion\/\",\"name\":\"Ingenium nostrum - Exposici\u00f3n - SeCyT&#039;22\",\"isPartOf\":{\"@id\":\"https:\/\/fseneca.es\/secyt22\/#website\"},\"datePublished\":\"2022-10-03T10:38:56+00:00\",\"dateModified\":\"2022-10-19T07:13:51+00:00\",\"breadcrumb\":{\"@id\":\"https:\/\/fseneca.es\/secyt22\/ingenium-nostrum-exposicion\/#breadcrumb\"},\"inLanguage\":\"es\",\"potentialAction\":[{\"@type\":\"ReadAction\",\"target\":[\"https:\/\/fseneca.es\/secyt22\/ingenium-nostrum-exposicion\/\"]}]},{\"@type\":\"BreadcrumbList\",\"@id\":\"https:\/\/fseneca.es\/secyt22\/ingenium-nostrum-exposicion\/#breadcrumb\",\"itemListElement\":[{\"@type\":\"ListItem\",\"position\":1,\"name\":\"Portada\",\"item\":\"https:\/\/fseneca.es\/secyt22\/\"},{\"@type\":\"ListItem\",\"position\":2,\"name\":\"Ingenium nostrum &#8211; Exposici\u00f3n\"}]},{\"@type\":\"WebSite\",\"@id\":\"https:\/\/fseneca.es\/secyt22\/#website\",\"url\":\"https:\/\/fseneca.es\/secyt22\/\",\"name\":\"SeCyT&#039;22\",\"description\":\"Semana de la Ciencia y la Tecnolog\u00eda 2022\",\"potentialAction\":[{\"@type\":\"SearchAction\",\"target\":{\"@type\":\"EntryPoint\",\"urlTemplate\":\"https:\/\/fseneca.es\/secyt22\/?s={search_term_string}\"},\"query-input\":\"required name=search_term_string\"}],\"inLanguage\":\"es\"}]}<\/script>\n<!-- \/ Yoast SEO plugin. -->","yoast_head_json":{"title":"Ingenium nostrum - Exposici\u00f3n - SeCyT&#039;22","robots":{"index":"index","follow":"follow","max-snippet":"max-snippet:-1","max-image-preview":"max-image-preview:large","max-video-preview":"max-video-preview:-1"},"canonical":"https:\/\/fseneca.es\/secyt22\/ingenium-nostrum-exposicion\/","og_locale":"es_ES","og_type":"article","og_title":"Ingenium nostrum - Exposici\u00f3n - SeCyT&#039;22","og_description":"EXPOSICI\u00d3N INGENIUM NOSTRUM ingenium nostrum La secyt reservar\u00e1 un espacio para la exposici\u00f3n Ingenium Nostrum, un muestra sobre inventos que han surgido a lo largo de la historia en pa\u00edses o regiones de la cuenca mediterr\u00e1nea, hablar\u00e1 del autogiro, la gr\u00faa, el cristal y el vidrio, la fregona, el submarino, el cinemat\u00f3grafo, el tel\u00e9grafo \u00f3ptico, [&hellip;]","og_url":"https:\/\/fseneca.es\/secyt22\/ingenium-nostrum-exposicion\/","og_site_name":"SeCyT&#039;22","article_modified_time":"2022-10-19T07:13:51+00:00","og_image":[{"width":740,"height":453,"url":"http:\/\/fseneca.es\/secyt22\/wp-content\/uploads\/2022\/10\/Ingenium-Nostrum-740x453-1.jpg","type":"image\/jpeg"}],"twitter_card":"summary_large_image","twitter_misc":{"Tiempo de lectura":"2 minutos"},"schema":{"@context":"https:\/\/schema.org","@graph":[{"@type":"WebPage","@id":"https:\/\/fseneca.es\/secyt22\/ingenium-nostrum-exposicion\/","url":"https:\/\/fseneca.es\/secyt22\/ingenium-nostrum-exposicion\/","name":"Ingenium nostrum - Exposici\u00f3n - SeCyT&#039;22","isPartOf":{"@id":"https:\/\/fseneca.es\/secyt22\/#website"},"datePublished":"2022-10-03T10:38:56+00:00","dateModified":"2022-10-19T07:13:51+00:00","breadcrumb":{"@id":"https:\/\/fseneca.es\/secyt22\/ingenium-nostrum-exposicion\/#breadcrumb"},"inLanguage":"es","potentialAction":[{"@type":"ReadAction","target":["https:\/\/fseneca.es\/secyt22\/ingenium-nostrum-exposicion\/"]}]},{"@type":"BreadcrumbList","@id":"https:\/\/fseneca.es\/secyt22\/ingenium-nostrum-exposicion\/#breadcrumb","itemListElement":[{"@type":"ListItem","position":1,"name":"Portada","item":"https:\/\/fseneca.es\/secyt22\/"},{"@type":"ListItem","position":2,"name":"Ingenium nostrum &#8211; Exposici\u00f3n"}]},{"@type":"WebSite","@id":"https:\/\/fseneca.es\/secyt22\/#website","url":"https:\/\/fseneca.es\/secyt22\/","name":"SeCyT&#039;22","description":"Semana de la Ciencia y la Tecnolog\u00eda 2022","potentialAction":[{"@type":"SearchAction","target":{"@type":"EntryPoint","urlTemplate":"https:\/\/fseneca.es\/secyt22\/?s={search_term_string}"},"query-input":"required name=search_term_string"}],"inLanguage":"es"}]}},"_links":{"self":[{"href":"https:\/\/fseneca.es\/secyt22\/wp-json\/wp\/v2\/pages\/12656"}],"collection":[{"href":"https:\/\/fseneca.es\/secyt22\/wp-json\/wp\/v2\/pages"}],"about":[{"href":"https:\/\/fseneca.es\/secyt22\/wp-json\/wp\/v2\/types\/page"}],"author":[{"embeddable":true,"href":"https:\/\/fseneca.es\/secyt22\/wp-json\/wp\/v2\/users\/122"}],"replies":[{"embeddable":true,"href":"https:\/\/fseneca.es\/secyt22\/wp-json\/wp\/v2\/comments?post=12656"}],"version-history":[{"count":20,"href":"https:\/\/fseneca.es\/secyt22\/wp-json\/wp\/v2\/pages\/12656\/revisions"}],"predecessor-version":[{"id":14141,"href":"https:\/\/fseneca.es\/secyt22\/wp-json\/wp\/v2\/pages\/12656\/revisions\/14141"}],"wp:featuredmedia":[{"embeddable":true,"href":"https:\/\/fseneca.es\/secyt22\/wp-json\/wp\/v2\/media\/14029"}],"wp:attachment":[{"href":"https:\/\/fseneca.es\/secyt22\/wp-json\/wp\/v2\/media?parent=12656"}],"curies":[{"name":"wp","href":"https:\/\/api.w.org\/{rel}","templated":true}]}}