{"id":18435,"date":"2025-06-26T10:54:10","date_gmt":"2025-06-26T10:54:10","guid":{"rendered":"https:\/\/fseneca.es\/secyt25\/?post_type=actividad&#038;p=18435"},"modified":"2025-06-26T10:54:11","modified_gmt":"2025-06-26T10:54:11","slug":"y-tu-cuanto-pagas-por-moverte-la-ciudad-que-cuida-tambien-se-disena-desde-las-tarifas","status":"publish","type":"actividad","link":"https:\/\/fseneca.es\/secyt25\/actividad\/y-tu-cuanto-pagas-por-moverte-la-ciudad-que-cuida-tambien-se-disena-desde-las-tarifas\/","title":{"rendered":"\u00bfY t\u00fa, cu\u00e1nto pagas por moverte? La ciudad que cuida tambi\u00e9n se dise\u00f1a desde las tarifas"},"content":{"rendered":"","protected":false},"author":167,"featured_media":0,"template":"","class_list":["post-18435","actividad","type-actividad","status-publish","hentry"],"acf":[],"_links":{"self":[{"href":"https:\/\/fseneca.es\/secyt25\/wp-json\/wp\/v2\/actividad\/18435","targetHints":{"allow":["GET"]}}],"collection":[{"href":"https:\/\/fseneca.es\/secyt25\/wp-json\/wp\/v2\/actividad"}],"about":[{"href":"https:\/\/fseneca.es\/secyt25\/wp-json\/wp\/v2\/types\/actividad"}],"author":[{"embeddable":true,"href":"https:\/\/fseneca.es\/secyt25\/wp-json\/wp\/v2\/users\/167"}],"wp:attachment":[{"href":"https:\/\/fseneca.es\/secyt25\/wp-json\/wp\/v2\/media?parent=18435"}],"curies":[{"name":"wp","href":"https:\/\/api.w.org\/{rel}","templated":true}]}}

¿Y tú, cuánto pagas por moverte? La ciudad que cuida también se diseña desde las tarifas
