{"id":19222,"date":"2025-10-09T09:39:10","date_gmt":"2025-10-09T09:39:10","guid":{"rendered":"https:\/\/fseneca.es\/secyt25\/?post_type=actividad&#038;p=19222"},"modified":"2025-10-09T09:39:12","modified_gmt":"2025-10-09T09:39:12","slug":"explora-el-poder-de-la-ia-aplicada-a-la-idi-y-comprende-como-esta-tecnologia-esta-transformando-el-mundo-empresarial","status":"publish","type":"actividad","link":"https:\/\/fseneca.es\/secyt25\/actividad\/explora-el-poder-de-la-ia-aplicada-a-la-idi-y-comprende-como-esta-tecnologia-esta-transformando-el-mundo-empresarial\/","title":{"rendered":"Explora el poder de la IA aplicada a la I+D+i y comprende c\u00f3mo esta tecnolog\u00eda est\u00e1 transformando el mundo empresarial"},"content":{"rendered":"","protected":false},"author":135,"featured_media":0,"template":"","class_list":["post-19222","actividad","type-actividad","status-publish","hentry"],"acf":[],"_links":{"self":[{"href":"https:\/\/fseneca.es\/secyt25\/wp-json\/wp\/v2\/actividad\/19222","targetHints":{"allow":["GET"]}}],"collection":[{"href":"https:\/\/fseneca.es\/secyt25\/wp-json\/wp\/v2\/actividad"}],"about":[{"href":"https:\/\/fseneca.es\/secyt25\/wp-json\/wp\/v2\/types\/actividad"}],"author":[{"embeddable":true,"href":"https:\/\/fseneca.es\/secyt25\/wp-json\/wp\/v2\/users\/135"}],"wp:attachment":[{"href":"https:\/\/fseneca.es\/secyt25\/wp-json\/wp\/v2\/media?parent=19222"}],"curies":[{"name":"wp","href":"https:\/\/api.w.org\/{rel}","templated":true}]}}

Explora el poder de la IA aplicada a la I+D+i y comprende cómo esta tecnología está transformando el mundo empresarial
